CRAN Package Check Results for Package ncdf4

Last updated on 2021-07-23 19:50:09 CEST.

Flavor Version Tinstall Tcheck Ttotal Status Flags
r-devel-linux-x86_64-debian-clang 1.17 8.55 39.34 47.89 OK
r-devel-linux-x86_64-debian-gcc 1.17 6.38 29.43 35.81 OK
r-devel-linux-x86_64-fedora-clang 1.17 65.82 OK
r-devel-linux-x86_64-fedora-gcc 1.17 55.65 OK
r-devel-windows-x86_64 1.17 12.00 58.00 70.00 OK
r-devel-windows-x86_64-gcc10-UCRT 1.17 OK
r-patched-linux-x86_64 1.17 7.43 37.05 44.48 OK
r-patched-solaris-x86 1.17 69.60 OK
r-release-linux-x86_64 1.17 7.00 37.43 44.43 OK
r-release-macos-arm64 1.17 NOTE
r-release-macos-x86_64 1.17 NOTE
r-release-windows-ix86+x86_64 1.17 16.00 74.00 90.00 NOTE
r-oldrel-macos-x86_64 1.17 NOTE
r-oldrel-windows-ix86+x86_64 1.17 17.00 69.00 86.00 NOTE

Check Details

Version: 1.17
Check: installed package size
Result: NOTE
     installed size is 7.1Mb
     sub-directories of 1Mb or more:
     libs 6.8Mb
Flavors: r-release-macos-arm64, r-release-macos-x86_64, r-release-windows-ix86+x86_64, r-oldrel-macos-x86_64, r-oldrel-windows-ix86+x86_64