CRAN Package Check Results for Package ncdf4.helpers

Last updated on 2021-09-18 05:02:39 CEST.

Flavor Version Tinstall Tcheck Ttotal Status Flags
r-devel-linux-x86_64-debian-clang 0.3-5 3.04 26.94 29.98 OK
r-devel-linux-x86_64-debian-gcc 0.3-5 2.38 21.12 23.50 OK
r-devel-linux-x86_64-fedora-clang 0.3-5 45.54 OK
r-devel-linux-x86_64-fedora-gcc 0.3-5 34.40 OK
r-devel-windows-x86_64 0.3-5 4.00 45.00 49.00 OK
r-devel-windows-x86_64-gcc10-UCRT 0.3-5 ERROR
r-patched-linux-x86_64 0.3-5 2.94 26.09 29.03 OK
r-patched-solaris-x86 0.3-5 50.90 OK
r-release-linux-x86_64 0.3-5 2.40 26.34 28.74 OK
r-release-macos-arm64 0.3-5 ERROR
r-release-macos-x86_64 0.3-5 ERROR
r-release-windows-ix86+x86_64 0.3-5 6.00 32.00 38.00 OK
r-oldrel-macos-x86_64 0.3-5 OK
r-oldrel-windows-ix86+x86_64 0.3-5 7.00 32.00 39.00 OK

Additional issues

M1mac

Check Details

Version: 0.3-5
Check: tests
Result: ERROR
     Running 'testthat.R'
    Running the tests in 'tests/testthat.R' failed.
    Complete output:
     > library(testthat)
     > library(ncdf4.helpers)
     >
     > test_check("ncdf4.helpers")
     ══ Failed tests ════════════════════════════════════════════════════════════════
     ── Failure (test-file-functions.R:61:2): grid mappings are read and applied ────
     (latlon.data$x + 360)%%360 not equal to lon.dat[indices].
     4/4 mismatches (average diff: 112)
     [1] 329 - 233 == 96.2
     [2] 197 - 293 == -96.2
     [3] 208 - 336 == -128.2
     [4] 318 - 190 == 128.2
     ── Failure (test-file-functions.R:62:2): grid mappings are read and applied ────
     latlon.data$y not equal to lat.dat[indices].
     4/4 mismatches (average diff: 28)
     [1] 49.5 - 12.4 == 37.1
     [2] 49.5 - 12.4 == 37.1
     [3] 40.4 - 59.1 == -18.8
     [4] 40.4 - 59.1 == -18.8
    
     [ FAIL 2 | WARN 0 | SKIP 0 | PASS 45 ]
     Error: Test failures
     Execution halted
Flavor: r-devel-windows-x86_64-gcc10-UCRT

Version: 0.3-5
Check: tests
Result: ERROR
     Running ‘testthat.R’ [1s/1s]
    Running the tests in ‘tests/testthat.R’ failed.
    Last 13 lines of output:
     [1] 329 - 233 == 96.2
     [2] 197 - 293 == -96.2
     [3] 208 - 336 == -128.2
     [4] 318 - 190 == 128.2
     ── Failure (test-file-functions.R:62:2): grid mappings are read and applied ────
     latlon.data$y not equal to lat.dat[indices].
     4/4 mismatches (average diff: 28)
     [1] 49.5 - 12.4 == 37.1
     [2] 49.5 - 12.4 == 37.1
     [3] 40.4 - 59.1 == -18.8
     [4] 40.4 - 59.1 == -18.8
    
     [ FAIL 2 | WARN 0 | SKIP 0 | PASS 45 ]
     Error: Test failures
     Execution halted
Flavors: r-release-macos-arm64, r-release-macos-x86_64