CRAN Package Check Results for Package nbpMatching

Last updated on 2022-01-22 00:48:31 CET.

Flavor Version Tinstall Tcheck Ttotal Status Flags
r-devel-linux-x86_64-debian-clang 1.5.1 15.58 109.27 124.85 OK
r-devel-linux-x86_64-debian-gcc 1.5.1 12.38 82.73 95.11 OK
r-devel-linux-x86_64-fedora-clang 1.5.1 156.13 NOTE
r-devel-linux-x86_64-fedora-gcc 1.5.1 141.07 NOTE
r-devel-windows-x86_64-new-UL 1.5.1 67.00 128.00 195.00 OK
r-devel-windows-x86_64-new-TK 1.5.1 OK
r-patched-linux-x86_64 1.5.1 16.39 104.24 120.63 OK
r-release-linux-x86_64 1.5.1 11.94 106.27 118.21 OK
r-release-macos-arm64 1.5.1 OK
r-release-macos-x86_64 1.5.1 OK
r-release-windows-ix86+x86_64 1.5.1 39.00 162.00 201.00 OK
r-oldrel-macos-x86_64 1.5.1 OK
r-oldrel-windows-ix86+x86_64 1.5.1 39.00 168.00 207.00 OK

Check Details

Version: 1.5.1
Check: compiled code
Result: NOTE
    File ‘nbpMatching/libs/nbpMatching.so’:
     Found no calls to: ‘R_registerRoutines’, ‘R_useDynamicSymbols’
    
    It is good practice to register native routines and to disable symbol
    search.
    
    See ‘Writing portable packages’ in the ‘Writing R Extensions’ manual.
Flavors: r-devel-linux-x86_64-fedora-clang, r-devel-linux-x86_64-fedora-gcc