Last updated on 2023-02-09 03:56:17 CET.
Flavor | Version | Tinstall | Tcheck | Ttotal | Status | Flags |
---|---|---|---|---|---|---|
r-devel-linux-x86_64-debian-clang | 1.5.1 | 23.48 | 118.24 | 141.72 | OK | |
r-devel-linux-x86_64-debian-gcc | 1.5.1 | 17.12 | 87.46 | 104.58 | OK | |
r-devel-linux-x86_64-fedora-clang | 1.5.1 | 178.59 | NOTE | |||
r-devel-linux-x86_64-fedora-gcc | 1.5.1 | 165.16 | NOTE | |||
r-devel-windows-x86_64 | 1.5.1 | 55.00 | 149.00 | 204.00 | OK | |
r-patched-linux-x86_64 | 1.5.1 | 27.63 | 111.70 | 139.33 | OK | |
r-release-linux-x86_64 | 1.5.1 | 13.35 | 112.93 | 126.28 | OK | |
r-release-macos-arm64 | 1.5.1 | 42.00 | OK | |||
r-release-macos-x86_64 | 1.5.1 | 92.00 | OK | |||
r-release-windows-x86_64 | 1.5.1 | 43.00 | 152.00 | 195.00 | OK | |
r-oldrel-macos-arm64 | 1.5.1 | 60.00 | OK | |||
r-oldrel-macos-x86_64 | 1.5.1 | 92.00 | OK | |||
r-oldrel-windows-ix86+x86_64 | 1.5.1 | 43.00 | 182.00 | 225.00 | OK |
Version: 1.5.1
Check: compiled code
Result: NOTE
File ‘nbpMatching/libs/nbpMatching.so’:
Found no calls to: ‘R_registerRoutines’, ‘R_useDynamicSymbols’
It is good practice to register native routines and to disable symbol
search.
See ‘Writing portable packages’ in the ‘Writing R Extensions’ manual.
Flavors: r-devel-linux-x86_64-fedora-clang, r-devel-linux-x86_64-fedora-gcc