Last updated on 2022-07-05 05:52:57 CEST.
Flavor | Version | Tinstall | Tcheck | Ttotal | Status | Flags |
---|---|---|---|---|---|---|
r-devel-linux-x86_64-debian-clang | 1.5.1 | 21.06 | 119.91 | 140.97 | OK | |
r-devel-linux-x86_64-debian-gcc | 1.5.1 | 14.74 | 88.18 | 102.92 | OK | |
r-devel-linux-x86_64-fedora-clang | 1.5.1 | 170.94 | NOTE | |||
r-devel-linux-x86_64-fedora-gcc | 1.5.1 | 172.12 | NOTE | |||
r-devel-windows-x86_64 | 1.5.1 | 57.00 | 140.00 | 197.00 | OK | |
r-patched-linux-x86_64 | 1.5.1 | 22.06 | 111.46 | 133.52 | OK | |
r-release-linux-x86_64 | 1.5.1 | 12.18 | 110.20 | 122.38 | OK | |
r-release-macos-arm64 | 1.5.1 | 42.00 | OK | |||
r-release-macos-x86_64 | 1.5.1 | 92.00 | OK | |||
r-release-windows-x86_64 | 1.5.1 | 36.00 | 138.00 | 174.00 | OK | |
r-oldrel-macos-arm64 | 1.5.1 | 60.00 | OK | |||
r-oldrel-macos-x86_64 | 1.5.1 | 92.00 | OK | |||
r-oldrel-windows-ix86+x86_64 | 1.5.1 | 45.00 | 173.00 | 218.00 | OK |
Version: 1.5.1
Check: compiled code
Result: NOTE
File ‘nbpMatching/libs/nbpMatching.so’:
Found no calls to: ‘R_registerRoutines’, ‘R_useDynamicSymbols’
It is good practice to register native routines and to disable symbol
search.
See ‘Writing portable packages’ in the ‘Writing R Extensions’ manual.
Flavors: r-devel-linux-x86_64-fedora-clang, r-devel-linux-x86_64-fedora-gcc