CRAN Package Check Results for Package natstrat

Last updated on 2021-12-06 23:50:53 CET.

Flavor Version Tinstall Tcheck Ttotal Status Flags
r-devel-linux-x86_64-debian-clang 2.0.0 16.22 178.46 194.68 NOTE
r-devel-linux-x86_64-debian-gcc 2.0.0 13.35 136.98 150.33 NOTE
r-devel-linux-x86_64-fedora-clang 2.0.0 235.09 NOTE
r-devel-linux-x86_64-fedora-gcc 2.0.0 224.81 NOTE
r-devel-windows-x86_64-new-UL 2.0.0 28.00 221.00 249.00 NOTE
r-devel-windows-x86_64-new-TK 2.0.0 NOTE
r-devel-windows-x86_64-old 2.0.0 26.00 158.00 184.00 NOTE
r-patched-linux-x86_64 2.0.0 14.77 158.30 173.07 NOTE
r-release-linux-x86_64 2.0.0 14.02 167.81 181.83 NOTE
r-release-macos-arm64 2.0.0 NOTE
r-release-macos-x86_64 2.0.0 NOTE
r-release-windows-ix86+x86_64 2.0.0 37.00 199.00 236.00 NOTE
r-oldrel-macos-x86_64 2.0.0 NOTE
r-oldrel-windows-ix86+x86_64 2.0.0 36.00 204.00 240.00 NOTE

Check Details

Version: 2.0.0
Check: package dependencies
Result: NOTE
    Package suggested but not available for checking: 'gurobi'
Flavors: r-devel-linux-x86_64-debian-clang, r-devel-linux-x86_64-debian-gcc, r-devel-linux-x86_64-fedora-clang, r-devel-linux-x86_64-fedora-gcc, r-devel-windows-x86_64-new-UL, r-devel-windows-x86_64-new-TK, r-devel-windows-x86_64-old, r-patched-linux-x86_64, r-release-linux-x86_64, r-release-macos-arm64, r-release-macos-x86_64, r-release-windows-ix86+x86_64, r-oldrel-macos-x86_64, r-oldrel-windows-ix86+x86_64