Last updated on 2023-02-04 04:53:58 CET.
Flavor | Version | Tinstall | Tcheck | Ttotal | Status | Flags |
---|---|---|---|---|---|---|
r-devel-linux-x86_64-debian-clang | 0.4.9 | 4.03 | 34.03 | 38.06 | OK | |
r-devel-linux-x86_64-debian-gcc | 0.4.9 | 2.78 | 26.81 | 29.59 | OK | |
r-devel-linux-x86_64-fedora-clang | 0.4.9 | 48.12 | OK | |||
r-devel-linux-x86_64-fedora-gcc | 0.4.9 | 47.21 | OK | |||
r-devel-windows-x86_64 | 0.4.9 | 15.00 | 62.00 | 77.00 | OK | |
r-patched-linux-x86_64 | 0.4.9 | 4.12 | 33.83 | 37.95 | OK | |
r-release-linux-x86_64 | 0.4.9 | 3.00 | 33.95 | 36.95 | OK | |
r-release-macos-arm64 | 0.4.9 | 19.00 | OK | |||
r-release-macos-x86_64 | 0.4.9 | 28.00 | OK | |||
r-release-windows-x86_64 | 0.4.9 | 16.00 | 64.00 | 80.00 | OK | |
r-oldrel-macos-arm64 | 0.4.9 | 20.00 | OK | |||
r-oldrel-macos-x86_64 | 0.4.9 | 29.00 | OK | |||
r-oldrel-windows-ix86+x86_64 | 0.4.9 | 10.00 | 70.00 | 80.00 | WARN |
Version: 0.4.9
Check: for unstated dependencies in ‘tests’
Result: WARN
Warning: unable to access index for repository https://bioconductor.org/packages/3.14/bioc/src/contrib:
cannot open URL 'https://bioconductor.org/packages/3.14/bioc/src/contrib/PACKAGES'
Warning: unable to access index for repository https://bioconductor.org/packages/3.14/data/annotation/src/contrib:
cannot open URL 'https://bioconductor.org/packages/3.14/data/annotation/src/contrib/PACKAGES'
Warning: unable to access index for repository https://bioconductor.org/packages/3.14/data/experiment/src/contrib:
cannot open URL 'https://bioconductor.org/packages/3.14/data/experiment/src/contrib/PACKAGES'
Flavor: r-oldrel-windows-ix86+x86_64