CRAN Package Check Results for Package nat.templatebrains

Last updated on 2021-09-19 16:49:11 CEST.

Flavor Version Tinstall Tcheck Ttotal Status Flags
r-devel-linux-x86_64-debian-clang 1.0 6.57 64.99 71.56 OK
r-devel-linux-x86_64-debian-gcc 1.0 5.25 50.20 55.45 OK
r-devel-linux-x86_64-fedora-clang 1.0 93.43 OK
r-devel-linux-x86_64-fedora-gcc 1.0 84.22 OK
r-devel-windows-x86_64 1.0 8.00 88.00 96.00 OK
r-devel-windows-x86_64-gcc10-UCRT 1.0 ERROR
r-patched-linux-x86_64 1.0 10.29 61.37 71.66 OK
r-patched-solaris-x86 1.0 118.10 OK
r-release-linux-x86_64 1.0 6.29 61.75 68.04 OK
r-release-macos-arm64 1.0 OK
r-release-macos-x86_64 1.0 OK
r-release-windows-ix86+x86_64 1.0 16.00 67.00 83.00 OK
r-oldrel-macos-x86_64 1.0 OK
r-oldrel-windows-ix86+x86_64 1.0 15.00 59.00 74.00 OK

Check Details

Version: 1.0
Check: whether package can be installed
Result: WARN
    Found the following significant warnings:
     WARNING: installation-time patches will not be applied, could not get the patches index
Flavor: r-devel-windows-x86_64-gcc10-UCRT

Version: 1.0
Check: PDF version of manual
Result: WARN
    LaTeX errors when creating PDF version.
    This typically indicates Rd problems.
Flavor: r-devel-windows-x86_64-gcc10-UCRT

Version: 1.0
Check: PDF version of manual without hyperrefs or index
Result: ERROR
    Re-running with no redirection of stdout/stderr.
Flavor: r-devel-windows-x86_64-gcc10-UCRT