CRAN Package Check Results for Package nat

Last updated on 2021-09-25 16:49:34 CEST.

Flavor Version Tinstall Tcheck Ttotal Status Flags
r-devel-linux-x86_64-debian-clang 1.8.18 16.95 154.04 170.99 NOTE
r-devel-linux-x86_64-debian-gcc 1.8.18 13.14 115.26 128.40 NOTE
r-devel-linux-x86_64-fedora-clang 1.8.18 212.64 NOTE
r-devel-linux-x86_64-fedora-gcc 1.8.18 201.30 NOTE
r-devel-windows-x86_64 1.8.18 18.00 145.00 163.00 NOTE
r-devel-windows-x86_64-gcc10-UCRT 1.8.18 NOTE
r-patched-linux-x86_64 1.8.18 21.85 148.62 170.47 NOTE
r-patched-solaris-x86 1.8.18 262.30 OK
r-release-linux-x86_64 1.8.18 16.73 147.64 164.37 NOTE
r-release-macos-arm64 1.8.18 NOTE
r-release-macos-x86_64 1.8.18 NOTE
r-release-windows-ix86+x86_64 1.8.18 30.00 142.00 172.00 NOTE
r-oldrel-macos-x86_64 1.8.18 NOTE
r-oldrel-windows-ix86+x86_64 1.8.18 24.00 139.00 163.00 NOTE

Check Details

Version: 1.8.18
Check: package dependencies
Result: NOTE
    Package suggested but not available for checking: 'webshot2'
Flavors: r-devel-linux-x86_64-debian-clang, r-devel-linux-x86_64-debian-gcc, r-devel-linux-x86_64-fedora-clang, r-devel-linux-x86_64-fedora-gcc, r-devel-windows-x86_64, r-devel-windows-x86_64-gcc10-UCRT, r-patched-linux-x86_64, r-release-linux-x86_64, r-release-macos-arm64, r-release-macos-x86_64, r-release-windows-ix86+x86_64, r-oldrel-macos-x86_64, r-oldrel-windows-ix86+x86_64