Last updated on 2022-05-23 14:53:32 CEST.
Flavor | Version | Tinstall | Tcheck | Ttotal | Status | Flags |
---|---|---|---|---|---|---|
r-devel-linux-x86_64-debian-clang | 0.2.1 | 6.33 | 71.04 | 77.37 | NOTE | |
r-devel-linux-x86_64-debian-gcc | 0.2.1 | 4.97 | 51.69 | 56.66 | NOTE | |
r-devel-linux-x86_64-fedora-clang | 0.2.1 | 94.93 | NOTE | |||
r-devel-linux-x86_64-fedora-gcc | 0.2.1 | 78.18 | NOTE | |||
r-devel-windows-x86_64 | 0.2.1 | 36.00 | 83.00 | 119.00 | NOTE | |
r-patched-linux-x86_64 | 0.2.1 | 7.36 | 68.83 | 76.19 | NOTE | |
r-release-linux-x86_64 | 0.2.1 | NOTE | ||||
r-release-macos-arm64 | 0.2.1 | 26.00 | NOTE | |||
r-release-macos-x86_64 | 0.2.1 | 37.00 | NOTE | |||
r-release-windows-x86_64 | 0.2.1 | 34.00 | 87.00 | 121.00 | NOTE | |
r-oldrel-macos-arm64 | 0.2.1 | 34.00 | NOTE | |||
r-oldrel-macos-x86_64 | 0.2.1 | 39.00 | NOTE | |||
r-oldrel-windows-ix86+x86_64 | 0.2.1 | 13.00 | 84.00 | 97.00 | OK |
Version: 0.2.1
Check: package dependencies
Result: NOTE
Package suggested but not available for checking: 'spatialClust'
Flavors: r-devel-linux-x86_64-debian-clang, r-devel-linux-x86_64-debian-gcc, r-devel-linux-x86_64-fedora-clang, r-devel-linux-x86_64-fedora-gcc, r-devel-windows-x86_64, r-patched-linux-x86_64, r-release-linux-x86_64, r-release-macos-arm64, r-release-macos-x86_64, r-release-windows-x86_64
Version: 0.2.1
Check: dependencies in R code
Result: NOTE
Namespace in Imports field not imported from: ‘Rdpack’
All declared Imports should be used.
Flavors: r-devel-linux-x86_64-fedora-clang, r-devel-linux-x86_64-fedora-gcc, r-release-macos-arm64, r-release-macos-x86_64, r-oldrel-macos-arm64, r-oldrel-macos-x86_64