Last updated on 2022-05-21 14:53:21 CEST.
Flavor | Version | Tinstall | Tcheck | Ttotal | Status | Flags |
---|---|---|---|---|---|---|
r-devel-linux-x86_64-debian-clang | 2.0-6 | 10.24 | 74.37 | 84.61 | OK | |
r-devel-linux-x86_64-debian-gcc | 2.0-6 | 7.87 | 54.31 | 62.18 | OK | |
r-devel-linux-x86_64-fedora-clang | 2.0-6 | 102.40 | NOTE | |||
r-devel-linux-x86_64-fedora-gcc | 2.0-6 | 99.44 | NOTE | |||
r-devel-windows-x86_64 | 2.0-6 | 17.00 | 86.00 | 103.00 | OK | |
r-patched-linux-x86_64 | 2.0-6 | 11.39 | 70.78 | 82.17 | OK | |
r-release-linux-x86_64 | 2.0-6 | 11.38 | 71.14 | 82.52 | OK | |
r-release-macos-arm64 | 2.0-6 | 31.00 | OK | |||
r-release-macos-x86_64 | 2.0-6 | 39.00 | OK | |||
r-release-windows-x86_64 | 2.0-6 | 20.00 | 88.00 | 108.00 | OK | |
r-oldrel-macos-arm64 | 2.0-6 | 40.00 | OK | |||
r-oldrel-macos-x86_64 | 2.0-6 | 47.00 | OK | |||
r-oldrel-windows-ix86+x86_64 | 2.0-6 | 21.00 | 108.00 | 129.00 | OK |
Version: 2.0-6
Check: compiled code
Result: NOTE
File ‘nanop/libs/nanop.so’:
Found no calls to: ‘R_registerRoutines’, ‘R_useDynamicSymbols’
It is good practice to register native routines and to disable symbol
search.
See ‘Writing portable packages’ in the ‘Writing R Extensions’ manual.
Flavors: r-devel-linux-x86_64-fedora-clang, r-devel-linux-x86_64-fedora-gcc