CRAN Package Check Results for Package nanop

Last updated on 2021-11-29 12:00:13 CET.

Flavor Version Tinstall Tcheck Ttotal Status Flags
r-devel-linux-x86_64-debian-clang 2.0-6 OK
r-devel-linux-x86_64-debian-gcc 2.0-6 8.17 45.25 53.42 OK
r-devel-linux-x86_64-fedora-clang 2.0-6 97.06 NOTE
r-devel-linux-x86_64-fedora-gcc 2.0-6 86.93 NOTE
r-devel-windows-x86_64-new-UL 2.0-6 20.00 95.00 115.00 OK
r-devel-windows-x86_64-new-TK 2.0-6 OK
r-devel-windows-x86_64-old 2.0-6 15.00 63.00 78.00 OK
r-patched-linux-x86_64 2.0-6 10.59 60.32 70.91 OK
r-patched-solaris-x86 2.0-6 134.70 OK
r-release-linux-x86_64 2.0-6 9.38 60.50 69.88 OK
r-release-macos-arm64 2.0-6 OK
r-release-macos-x86_64 2.0-6 OK
r-release-windows-ix86+x86_64 2.0-6 21.00 108.00 129.00 OK
r-oldrel-macos-x86_64 2.0-6 OK
r-oldrel-windows-ix86+x86_64 2.0-6 15.00 106.00 121.00 OK

Check Details

Version: 2.0-6
Check: compiled code
Result: NOTE
    File ‘nanop/libs/nanop.so’:
     Found no calls to: ‘R_registerRoutines’, ‘R_useDynamicSymbols’
    
    It is good practice to register native routines and to disable symbol
    search.
    
    See ‘Writing portable packages’ in the ‘Writing R Extensions’ manual.
Flavors: r-devel-linux-x86_64-fedora-clang, r-devel-linux-x86_64-fedora-gcc