CRAN Package Check Results for Package nandb

Last updated on 2021-07-30 19:50:17 CEST.

Flavor Version Tinstall Tcheck Ttotal Status Flags
r-devel-linux-x86_64-debian-clang 2.1.0 OK
r-devel-linux-x86_64-debian-gcc 2.1.0 31.41 150.16 181.57 OK
r-devel-linux-x86_64-fedora-clang 2.1.0 310.56 OK
r-devel-linux-x86_64-fedora-gcc 2.1.0 302.40 OK
r-devel-windows-x86_64 2.1.0 65.00 203.00 268.00 OK
r-devel-windows-x86_64-gcc10-UCRT 2.1.0 OK
r-patched-linux-x86_64 2.1.0 OK
r-patched-solaris-x86 2.1.0 510.90 OK
r-release-linux-x86_64 2.1.0 37.15 195.60 232.75 OK
r-release-macos-arm64 2.1.0 WARN
r-release-macos-x86_64 2.1.0 OK
r-release-windows-ix86+x86_64 2.1.0 106.00 229.00 335.00 OK
r-oldrel-macos-x86_64 2.1.0 OK
r-oldrel-windows-ix86+x86_64 2.1.0 81.00 242.00 323.00 OK

Check Details

Version: 2.1.0
Check: re-building of vignette outputs
Result: WARN
    Error(s) in re-building vignettes:
    --- re-building ‘batch-mode.Rmd’ using rmarkdown
    Warning in engine$weave(file, quiet = quiet, encoding = enc) :
     Pandoc (>= 1.12.3) not available. Falling back to R Markdown v1.
    --- finished re-building ‘batch-mode.Rmd’
    
    --- re-building ‘brightness-timeseries.Rmd’ using rmarkdown
    Warning in engine$weave(file, quiet = quiet, encoding = enc) :
     Pandoc (>= 1.12.3) not available. Falling back to R Markdown v1.
    --- finished re-building ‘brightness-timeseries.Rmd’
    
    --- re-building ‘single-images.Rmd’ using rmarkdown
    Warning in engine$weave(file, quiet = quiet, encoding = enc) :
     Pandoc (>= 1.12.3) not available. Falling back to R Markdown v1.
    `geom_smooth()` using method = 'loess' and formula 'y ~ x'
    `geom_smooth()` using method = 'loess' and formula 'y ~ x'
    Quitting from lines 52-70 (single-images.Rmd)
    Error: processing vignette 'single-images.Rmd' failed with diagnostics:
    polygon edge not found
    --- failed re-building ‘single-images.Rmd’
    
    SUMMARY: processing the following file failed:
     ‘single-images.Rmd’
    
    Error: Vignette re-building failed.
    Execution halted
Flavor: r-release-macos-arm64