CRAN Package Check Results for Package nabor

Last updated on 2021-07-23 07:49:54 CEST.

Flavor Version Tinstall Tcheck Ttotal Status Flags
r-devel-linux-x86_64-debian-clang 0.5.0 66.07 35.59 101.66 OK
r-devel-linux-x86_64-debian-gcc 0.5.0 44.85 28.79 73.64 OK
r-devel-linux-x86_64-fedora-clang 0.5.0 151.77 NOTE
r-devel-linux-x86_64-fedora-gcc 0.5.0 126.25 OK
r-devel-windows-x86_64 0.5.0 57.00 56.00 113.00 OK
r-devel-windows-x86_64-gcc10-UCRT 0.5.0 OK
r-patched-linux-x86_64 0.5.0 55.97 35.31 91.28 OK
r-patched-solaris-x86 0.5.0 131.80 OK
r-release-linux-x86_64 0.5.0 55.53 35.36 90.89 OK
r-release-macos-arm64 0.5.0 NOTE
r-release-macos-x86_64 0.5.0 NOTE
r-release-windows-ix86+x86_64 0.5.0 150.00 66.00 216.00 OK
r-oldrel-macos-x86_64 0.5.0 NOTE
r-oldrel-windows-ix86+x86_64 0.5.0 146.00 84.00 230.00 OK

Check Details

Version: 0.5.0
Check: installed package size
Result: NOTE
     installed size is 7.7Mb
     sub-directories of 1Mb or more:
     libs 7.6Mb
Flavors: r-devel-linux-x86_64-fedora-clang, r-release-macos-arm64, r-release-macos-x86_64, r-oldrel-macos-x86_64