CRAN Package Check Results for Package naaccr

Last updated on 2022-07-02 05:51:02 CEST.

Flavor Version Tinstall Tcheck Ttotal Status Flags
r-devel-linux-x86_64-debian-clang 1.0.0 4.67 124.62 129.29 OK
r-devel-linux-x86_64-debian-gcc 1.0.0 3.63 89.28 92.91 OK
r-devel-linux-x86_64-fedora-clang 1.0.0 122.77 NOTE
r-devel-linux-x86_64-fedora-gcc 1.0.0 103.63 NOTE
r-devel-windows-x86_64 1.0.0 32.00 103.00 135.00 OK
r-patched-linux-x86_64 1.0.0 5.00 92.22 97.22 OK
r-release-linux-x86_64 1.0.0 4.55 92.56 97.11 OK
r-release-macos-arm64 1.0.0 26.00 NOTE
r-release-macos-x86_64 1.0.0 40.00 NOTE
r-release-windows-x86_64 1.0.0 19.00 97.00 116.00 OK
r-oldrel-macos-arm64 1.0.0 35.00 NOTE
r-oldrel-macos-x86_64 1.0.0 60.00 NOTE
r-oldrel-windows-ix86+x86_64 1.0.0 9.00 93.00 102.00 OK

Check Details

Version: 1.0.0
Check: data for non-ASCII characters
Result: NOTE
     Note: found 50 marked UTF-8 strings
Flavors: r-devel-linux-x86_64-fedora-clang, r-devel-linux-x86_64-fedora-gcc, r-release-macos-arm64, r-release-macos-x86_64, r-oldrel-macos-arm64, r-oldrel-macos-x86_64