CRAN Package Check Results for Package nFactors

Last updated on 2022-10-05 00:04:36 CEST.

Flavor Version Tinstall Tcheck Ttotal Status Flags
r-devel-linux-x86_64-debian-clang 2.4.1 5.40 52.57 57.97 NOTE
r-devel-linux-x86_64-debian-gcc 2.4.1 3.06 40.14 43.20 NOTE
r-devel-linux-x86_64-fedora-clang 2.4.1 88.97 NOTE
r-devel-linux-x86_64-fedora-gcc 2.4.1 80.60 NOTE
r-devel-windows-x86_64 2.4.1 28.00 92.00 120.00 NOTE
r-patched-linux-x86_64 2.4.1 3.94 48.79 52.73 OK
r-release-linux-x86_64 2.4.1 4.28 46.97 51.25 OK
r-release-macos-arm64 2.4.1 24.00 OK
r-release-macos-x86_64 2.4.1 35.00 OK
r-release-windows-x86_64 2.4.1 8.00 86.00 94.00 OK
r-oldrel-macos-arm64 2.4.1 28.00 OK
r-oldrel-macos-x86_64 2.4.1 44.00 OK
r-oldrel-windows-ix86+x86_64 2.4.1 9.00 77.00 86.00 OK

Check Details

Version: 2.4.1
Check: HTML version of manual
Result: NOTE
    Found the following math rendering problems:
    nBartlett.Rd:45-50: Undefined control sequence: \raise in ... }
     \over {{\raise0.7ex\hbox{$1$}...
Flavors: r-devel-linux-x86_64-debian-clang, r-devel-linux-x86_64-debian-gcc, r-devel-linux-x86_64-fedora-clang, r-devel-linux-x86_64-fedora-gcc, r-devel-windows-x86_64