CRAN Package Check Results for Package mztwinreg

Last updated on 2022-01-28 00:49:01 CET.

Flavor Version Tinstall Tcheck Ttotal Status Flags
r-devel-linux-x86_64-debian-clang 1.0-1 18.59 175.16 193.75 NOTE
r-devel-linux-x86_64-debian-gcc 1.0-1 15.12 129.67 144.79 NOTE
r-devel-linux-x86_64-fedora-clang 1.0-1 220.94 NOTE
r-devel-linux-x86_64-fedora-gcc 1.0-1 219.34 NOTE
r-devel-windows-x86_64-new-UL 1.0-1 28.00 184.00 212.00 NOTE
r-devel-windows-x86_64-new-TK 1.0-1 NOTE
r-patched-linux-x86_64 1.0-1 25.35 154.24 179.59 NOTE
r-release-linux-x86_64 1.0-1 17.12 153.00 170.12 NOTE
r-release-macos-arm64 1.0-1 NOTE
r-release-macos-x86_64 1.0-1 NOTE
r-release-windows-ix86+x86_64 1.0-1 44.00 170.00 214.00 NOTE
r-oldrel-macos-x86_64 1.0-1 NOTE
r-oldrel-windows-ix86+x86_64 1.0-1 38.00 179.00 217.00 NOTE

Check Details

Version: 1.0-1
Check: R code for possible problems
Result: NOTE
    abs_dif: no visible global function definition for 'as.formula'
    env_dif: no visible global function definition for 'lm'
    env_dif: no visible global function definition for 'as.formula'
    env_dif_logistic: no visible global function definition for
     'as.formula'
    fam_env: no visible global function definition for 'as.formula'
    log_dif: no visible global function definition for 'as.formula'
    Undefined global functions or variables:
     as.formula lm
    Consider adding
     importFrom("stats", "as.formula", "lm")
    to your NAMESPACE file.
Flavors: r-devel-linux-x86_64-debian-clang, r-devel-linux-x86_64-debian-gcc, r-devel-linux-x86_64-fedora-clang, r-devel-linux-x86_64-fedora-gcc, r-devel-windows-x86_64-new-UL, r-devel-windows-x86_64-new-TK, r-patched-linux-x86_64, r-release-linux-x86_64, r-release-macos-arm64, r-release-macos-x86_64, r-release-windows-ix86+x86_64, r-oldrel-macos-x86_64, r-oldrel-windows-ix86+x86_64

Version: 1.0-1
Check: package dependencies
Result: NOTE
    Package suggested but not available for checking: 'lme4'
Flavor: r-devel-windows-x86_64-new-TK