CRAN Package Check Results for Package mvnfast

Last updated on 2024-06-14 05:58:31 CEST.

Flavor Version Tinstall Tcheck Ttotal Status Flags
r-devel-linux-x86_64-debian-clang 0.2.8 130.20 82.89 213.09 OK
r-devel-linux-x86_64-debian-gcc 0.2.8 91.21 74.59 165.80 ERROR
r-devel-linux-x86_64-fedora-clang 0.2.8 360.32 OK
r-devel-linux-x86_64-fedora-gcc 0.2.8 351.21 OK
r-devel-windows-x86_64 0.2.8 101.00 110.00 211.00 OK
r-patched-linux-x86_64 0.2.8 113.73 97.90 211.63 OK
r-release-linux-x86_64 0.2.8 104.27 99.65 203.92 OK
r-release-macos-arm64 0.2.8 86.00 OK
r-release-macos-x86_64 0.2.8 124.00 OK
r-release-windows-x86_64 0.2.8 103.00 104.00 207.00 OK
r-oldrel-macos-arm64 0.2.8 104.00 OK
r-oldrel-macos-x86_64 0.2.8 167.00 OK
r-oldrel-windows-x86_64 0.2.8 124.00 122.00 246.00 OK

Check Details

Version: 0.2.8
Check: package dependencies
Result: NOTE Package suggested but not available for checking: ‘testthat’ Flavor: r-devel-linux-x86_64-debian-gcc

Version: 0.2.8
Check: tests
Result: ERROR Running ‘test-all.R’ [0s/1s] Running the tests in ‘tests/test-all.R’ failed. Complete output: > library(testthat) Error in library(testthat) : there is no package called 'testthat' Execution halted Flavor: r-devel-linux-x86_64-debian-gcc