Last updated on 2022-05-17 13:50:05 CEST.
Flavor | Version | Tinstall | Tcheck | Ttotal | Status | Flags |
---|---|---|---|---|---|---|
r-devel-linux-x86_64-debian-clang | 0.1.5 | 5.04 | 45.00 | 50.04 | OK | |
r-devel-linux-x86_64-debian-gcc | 0.1.5 | 4.85 | 34.21 | 39.06 | OK | |
r-devel-linux-x86_64-fedora-clang | 0.1.5 | 63.31 | NOTE | |||
r-devel-linux-x86_64-fedora-gcc | 0.1.5 | 60.89 | OK | |||
r-devel-windows-x86_64 | 0.1.5 | 13.00 | 69.00 | 82.00 | OK | |
r-patched-linux-x86_64 | 0.1.5 | 4.67 | 44.43 | 49.10 | OK | |
r-release-linux-x86_64 | 0.1.5 | 5.71 | 45.00 | 50.71 | OK | |
r-release-macos-arm64 | 0.1.5 | 19.00 | OK | |||
r-release-macos-x86_64 | 0.1.5 | 28.00 | OK | |||
r-release-windows-x86_64 | 0.1.5 | 23.00 | 71.00 | 94.00 | OK | |
r-oldrel-macos-arm64 | 0.1.5 | 25.00 | OK | |||
r-oldrel-macos-x86_64 | 0.1.5 | 38.00 | OK | |||
r-oldrel-windows-ix86+x86_64 | 0.1.5 | 14.00 | 82.00 | 96.00 | OK |
Version: 0.1.5
Check: Rd cross-references
Result: NOTE
Undeclared package ‘mev’ in Rd xrefs
Flavor: r-devel-linux-x86_64-fedora-clang