CRAN Package Check Results for Package mvPot

Last updated on 2021-07-26 19:49:28 CEST.

Flavor Version Tinstall Tcheck Ttotal Status Flags
r-devel-linux-x86_64-debian-clang 0.1.5 4.70 35.69 40.39 OK
r-devel-linux-x86_64-debian-gcc 0.1.5 4.25 27.28 31.53 OK
r-devel-linux-x86_64-fedora-clang 0.1.5 60.36 NOTE
r-devel-linux-x86_64-fedora-gcc 0.1.5 49.78 OK
r-devel-windows-x86_64 0.1.5 9.00 49.00 58.00 OK
r-devel-windows-x86_64-gcc10-UCRT 0.1.5 OK
r-patched-linux-x86_64 0.1.5 5.52 34.90 40.42 OK
r-patched-solaris-x86 0.1.5 74.80 OK
r-release-linux-x86_64 0.1.5 4.46 34.75 39.21 OK
r-release-macos-arm64 0.1.5 OK
r-release-macos-x86_64 0.1.5 OK
r-release-windows-ix86+x86_64 0.1.5 13.00 63.00 76.00 OK
r-oldrel-macos-x86_64 0.1.5 OK
r-oldrel-windows-ix86+x86_64 0.1.5 10.00 75.00 85.00 OK

Check Details

Version: 0.1.5
Check: Rd cross-references
Result: NOTE
    Undeclared package ‘mev’ in Rd xrefs
Flavor: r-devel-linux-x86_64-fedora-clang