Last updated on 2023-06-06 23:10:00 CEST.
Flavor | Version | Tinstall | Tcheck | Ttotal | Status | Flags |
---|---|---|---|---|---|---|
r-devel-linux-x86_64-debian-clang | 0.1.5 | 4.64 | 37.37 | 42.01 | OK | |
r-devel-linux-x86_64-debian-gcc | 0.1.5 | 4.27 | 28.67 | 32.94 | OK | |
r-devel-linux-x86_64-fedora-clang | 0.1.5 | 56.03 | NOTE | |||
r-devel-linux-x86_64-fedora-gcc | 0.1.5 | 53.21 | OK | |||
r-devel-windows-x86_64 | 0.1.5 | 11.00 | 59.00 | 70.00 | OK | |
r-patched-linux-x86_64 | 0.1.5 | 6.24 | 36.47 | 42.71 | OK | |
r-release-linux-x86_64 | 0.1.5 | 5.65 | 36.55 | 42.20 | OK | |
r-release-macos-arm64 | 0.1.5 | 22.00 | OK | |||
r-release-macos-x86_64 | 0.1.5 | 33.00 | OK | |||
r-release-windows-x86_64 | 0.1.5 | 8.00 | 63.00 | 71.00 | OK | |
r-oldrel-macos-arm64 | 0.1.5 | 25.00 | OK | |||
r-oldrel-macos-x86_64 | 0.1.5 | 28.00 | OK | |||
r-oldrel-windows-x86_64 | 0.1.5 | 8.00 | 62.00 | 70.00 | OK |
Version: 0.1.5
Check: Rd cross-references
Result: NOTE
Undeclared package ‘mev’ in Rd xrefs
Flavor: r-devel-linux-x86_64-fedora-clang