CRAN Package Check Results for Package music

Last updated on 2021-09-26 04:50:38 CEST.

Flavor Version Tinstall Tcheck Ttotal Status Flags
r-devel-linux-x86_64-debian-clang 0.1.1 2.52 26.95 29.47 NOTE
r-devel-linux-x86_64-debian-gcc 0.1.1 1.92 21.19 23.11 NOTE
r-devel-linux-x86_64-fedora-clang 0.1.1 44.79 NOTE
r-devel-linux-x86_64-fedora-gcc 0.1.1 34.00 NOTE
r-devel-windows-x86_64 0.1.1 6.00 34.00 40.00 NOTE
r-devel-windows-x86_64-gcc10-UCRT 0.1.1 NOTE
r-patched-linux-x86_64 0.1.1 2.42 25.97 28.39 NOTE
r-patched-solaris-x86 0.1.1 55.50 NOTE
r-release-linux-x86_64 0.1.1 2.12 26.08 28.20 NOTE
r-release-macos-arm64 0.1.1 NOTE
r-release-macos-x86_64 0.1.1 NOTE
r-release-windows-ix86+x86_64 0.1.1 6.00 33.00 39.00 NOTE
r-oldrel-macos-x86_64 0.1.1 OK
r-oldrel-windows-ix86+x86_64 0.1.1 5.00 35.00 40.00 OK

Check Details

Version: 0.1.1
Check: LazyData
Result: NOTE
     'LazyData' is specified without a 'data' directory
Flavors: r-devel-linux-x86_64-debian-clang, r-devel-linux-x86_64-debian-gcc, r-devel-linux-x86_64-fedora-clang, r-devel-linux-x86_64-fedora-gcc, r-devel-windows-x86_64, r-devel-windows-x86_64-gcc10-UCRT, r-patched-linux-x86_64, r-patched-solaris-x86, r-release-linux-x86_64, r-release-macos-arm64, r-release-macos-x86_64, r-release-windows-ix86+x86_64