CRAN Package Check Results for Package multivar

Last updated on 2022-01-23 00:57:18 CET.

Flavor Version Tinstall Tcheck Ttotal Status Flags
r-devel-linux-x86_64-debian-clang 1.0.0 58.06 125.56 183.62 OK
r-devel-linux-x86_64-debian-gcc 1.0.0 41.88 92.11 133.99 OK
r-devel-linux-x86_64-fedora-clang 1.0.0 240.80 OK
r-devel-linux-x86_64-fedora-gcc 1.0.0 214.29 OK
r-devel-windows-x86_64-new-UL 1.0.0 79.00 163.00 242.00 OK
r-devel-windows-x86_64-new-TK 1.0.0 OK
r-patched-linux-x86_64 1.0.0 50.79 114.75 165.54 OK
r-release-linux-x86_64 1.0.0 56.26 114.31 170.57 OK
r-release-macos-arm64 1.0.0 OK
r-release-macos-x86_64 1.0.0 OK
r-release-windows-ix86+x86_64 1.0.0 144.00 194.00 338.00 OK
r-oldrel-macos-x86_64 0.0.2 NOTE
r-oldrel-windows-ix86+x86_64 1.0.0 146.00 196.00 342.00 OK

Check Details

Version: 0.0.2
Check: dependencies in R code
Result: NOTE
    Namespaces in Imports field not imported from:
     ‘stats’ ‘utils’
     All declared Imports should be used.
Flavor: r-oldrel-macos-x86_64