CRAN Package Check Results for Package multimorbidity

Last updated on 2021-12-03 11:51:55 CET.

Flavor Version Tinstall Tcheck Ttotal Status Flags
r-devel-linux-x86_64-debian-clang 0.5.0 8.75 52.03 60.78 OK
r-devel-linux-x86_64-debian-gcc 0.5.0 5.56 43.71 49.27 OK
r-devel-linux-x86_64-fedora-clang 0.5.0 85.62 NOTE
r-devel-linux-x86_64-fedora-gcc 0.5.0 71.65 NOTE
r-devel-windows-x86_64-new-UL 0.5.0 19.00 93.00 112.00 OK
r-devel-windows-x86_64-new-TK 0.5.0 NOTE
r-devel-windows-x86_64-old 0.5.0 15.00 54.00 69.00 OK
r-patched-linux-x86_64 0.5.0 5.72 49.32 55.04 OK
r-patched-solaris-x86 0.5.0 89.40 NOTE
r-release-linux-x86_64 0.5.0 8.11 48.79 56.90 OK
r-release-macos-arm64 0.5.0 NOTE
r-release-macos-x86_64 0.5.0 NOTE
r-release-windows-ix86+x86_64 0.5.0 18.00 74.00 92.00 OK
r-oldrel-macos-x86_64 0.5.0 NOTE
r-oldrel-windows-ix86+x86_64 0.5.0 16.00 72.00 88.00 OK

Check Details

Version: 0.5.0
Check: dependencies in R code
Result: NOTE
    Namespaces in Imports field not imported from:
     ‘devtools’ ‘stats’ ‘tidyverse’
     All declared Imports should be used.
Flavors: r-devel-linux-x86_64-fedora-clang, r-devel-linux-x86_64-fedora-gcc, r-devel-windows-x86_64-new-TK, r-patched-solaris-x86, r-release-macos-arm64, r-release-macos-x86_64, r-oldrel-macos-x86_64

Version: 0.5.0
Check: data for non-ASCII characters
Result: NOTE
     Note: found 15 marked UTF-8 strings
Flavors: r-devel-linux-x86_64-fedora-clang, r-devel-linux-x86_64-fedora-gcc, r-devel-windows-x86_64-new-TK, r-patched-solaris-x86, r-release-macos-arm64, r-release-macos-x86_64, r-oldrel-macos-x86_64