CRAN Package Check Results for Package multichull

Last updated on 2021-09-23 04:56:34 CEST.

Flavor Version Tinstall Tcheck Ttotal Status Flags
r-devel-linux-x86_64-debian-clang 1.0.0 7.15 72.89 80.04 OK
r-devel-linux-x86_64-debian-gcc 1.0.0 5.95 54.70 60.65 OK
r-devel-linux-x86_64-fedora-clang 1.0.0 105.68 OK
r-devel-linux-x86_64-fedora-gcc 1.0.0 90.69 OK
r-devel-windows-x86_64 1.0.0 9.00 69.00 78.00 OK
r-devel-windows-x86_64-gcc10-UCRT 1.0.0 ERROR
r-patched-linux-x86_64 1.0.0 7.10 67.64 74.74 OK
r-patched-solaris-x86 1.0.0 136.60 OK
r-release-linux-x86_64 1.0.0 7.69 68.49 76.18 OK
r-release-macos-arm64 1.0.0 OK
r-release-macos-x86_64 1.0.0 OK
r-release-windows-ix86+x86_64 1.0.0 18.00 67.00 85.00 OK
r-oldrel-macos-x86_64 1.0.0 OK
r-oldrel-windows-ix86+x86_64 1.0.0 13.00 76.00 89.00 OK

Check Details

Version: 1.0.0
Check: package dependencies
Result: ERROR
    Package required but not available: 'igraph'
    
    See section 'The DESCRIPTION file' in the 'Writing R Extensions'
    manual.
Flavor: r-devel-windows-x86_64-gcc10-UCRT