CRAN Package Check Results for Package multcompView

Last updated on 2021-09-21 04:55:21 CEST.

Flavor Version Tinstall Tcheck Ttotal Status Flags
r-devel-linux-x86_64-debian-clang 0.1-8 3.47 50.37 53.84 OK
r-devel-linux-x86_64-debian-gcc 0.1-8 2.21 37.00 39.21 OK
r-devel-linux-x86_64-fedora-clang 0.1-8 71.90 OK
r-devel-linux-x86_64-fedora-gcc 0.1-8 60.15 OK
r-devel-windows-x86_64 0.1-8 5.00 56.00 61.00 OK
r-devel-windows-x86_64-gcc10-UCRT 0.1-8 ERROR
r-patched-linux-x86_64 0.1-8 3.52 46.39 49.91 OK
r-patched-solaris-x86 0.1-8 90.90 OK
r-release-linux-x86_64 0.1-8 2.78 46.23 49.01 OK
r-release-macos-arm64 0.1-8 OK
r-release-macos-x86_64 0.1-8 OK
r-release-windows-ix86+x86_64 0.1-8 7.00 53.00 60.00 OK
r-oldrel-macos-x86_64 0.1-8 OK
r-oldrel-windows-ix86+x86_64 0.1-8 6.00 56.00 62.00 OK

Check Details

Version: 0.1-8
Check: whether package can be installed
Result: WARN
    Found the following significant warnings:
     WARNING: installation-time patches will not be applied, could not get the patches index
Flavor: r-devel-windows-x86_64-gcc10-UCRT

Version: 0.1-8
Check: PDF version of manual
Result: WARN
    LaTeX errors when creating PDF version.
    This typically indicates Rd problems.
Flavor: r-devel-windows-x86_64-gcc10-UCRT

Version: 0.1-8
Check: PDF version of manual without hyperrefs or index
Result: ERROR
    Re-running with no redirection of stdout/stderr.
Flavor: r-devel-windows-x86_64-gcc10-UCRT