CRAN Package Check Results for Package multbxxc

Last updated on 2022-01-25 12:55:40 CET.

Flavor Version Tinstall Tcheck Ttotal Status Flags
r-devel-linux-x86_64-debian-clang 1.0.1 35.97 48.84 84.81 OK
r-devel-linux-x86_64-debian-gcc 1.0.1 30.40 37.75 68.15 OK
r-devel-linux-x86_64-fedora-clang 1.0.1 117.60 NOTE
r-devel-linux-x86_64-fedora-gcc 1.0.1 103.73 OK
r-devel-windows-x86_64-new-UL 1.0.1 56.00 95.00 151.00 OK
r-devel-windows-x86_64-new-TK 1.0.1 OK
r-patched-linux-x86_64 1.0.1 31.65 45.64 77.29 OK
r-release-linux-x86_64 1.0.1 31.04 44.99 76.03 OK
r-release-macos-arm64 1.0.1 OK
r-release-macos-x86_64 1.0.1 OK
r-release-windows-ix86+x86_64 1.0.1 92.00 86.00 178.00 OK
r-oldrel-macos-x86_64 1.0.1 OK
r-oldrel-windows-ix86+x86_64 1.0.1 91.00 89.00 180.00 OK

Check Details

Version: 1.0.1
Check: Rd cross-references
Result: NOTE
    Undeclared package ‘slam’ in Rd xrefs
Flavor: r-devel-linux-x86_64-fedora-clang