CRAN Package Check Results for Package mtsdi

Last updated on 2022-10-05 00:04:35 CEST.

Flavor Version Tinstall Tcheck Ttotal Status Flags
r-devel-linux-x86_64-debian-clang 0.3.5 3.29 32.55 35.84 NOTE
r-devel-linux-x86_64-debian-gcc 0.3.5 2.54 24.78 27.32 NOTE
r-devel-linux-x86_64-fedora-clang 0.3.5 55.64 NOTE
r-devel-linux-x86_64-fedora-gcc 0.3.5 53.03 NOTE
r-devel-windows-x86_64 0.3.5 16.00 60.00 76.00 NOTE
r-patched-linux-x86_64 0.3.5 3.82 30.42 34.24 OK
r-release-linux-x86_64 0.3.5 3.39 30.10 33.49 OK
r-release-macos-arm64 0.3.5 17.00 OK
r-release-macos-x86_64 0.3.5 23.00 OK
r-release-windows-x86_64 0.3.5 11.00 58.00 69.00 OK
r-oldrel-macos-arm64 0.3.5 21.00 OK
r-oldrel-macos-x86_64 0.3.5 33.00 OK
r-oldrel-windows-ix86+x86_64 0.3.5 7.00 54.00 61.00 OK

Check Details

Version: 0.3.5
Check: Rd files
Result: NOTE
    checkRd: (-1) mkjnw.Rd:3: Escaped LaTeX specials: \&
    checkRd: (-1) mkjnw.Rd:6: Escaped LaTeX specials: \&
Flavors: r-devel-linux-x86_64-debian-clang, r-devel-linux-x86_64-debian-gcc, r-devel-linux-x86_64-fedora-clang, r-devel-linux-x86_64-fedora-gcc, r-devel-windows-x86_64