CRAN Package Check Results for Package msu

Last updated on 2021-10-28 05:50:34 CEST.

Flavor Version Tinstall Tcheck Ttotal Status Flags
r-devel-linux-x86_64-debian-clang 0.0.1 2.05 21.77 23.82 NOTE
r-devel-linux-x86_64-debian-gcc 0.0.1 1.65 17.40 19.05 NOTE
r-devel-linux-x86_64-fedora-clang 0.0.1 39.84 NOTE
r-devel-linux-x86_64-fedora-gcc 0.0.1 29.60 NOTE
r-devel-windows-x86_64 0.0.1 5.00 31.00 36.00 NOTE
r-devel-windows-x86_64-gcc10-UCRT 0.0.1 NOTE
r-patched-linux-x86_64 0.0.1 2.09 21.01 23.10 NOTE
r-patched-solaris-x86 0.0.1 47.00 NOTE
r-release-linux-x86_64 0.0.1 1.72 21.05 22.77 NOTE
r-release-macos-arm64 0.0.1 NOTE
r-release-macos-x86_64 0.0.1 NOTE
r-release-windows-ix86+x86_64 0.0.1 4.00 42.00 46.00 NOTE
r-oldrel-macos-x86_64 0.0.1 OK
r-oldrel-windows-ix86+x86_64 0.0.1 5.00 46.00 51.00 OK

Check Details

Version: 0.0.1
Check: LazyData
Result: NOTE
     'LazyData' is specified without a 'data' directory
Flavors: r-devel-linux-x86_64-debian-clang, r-devel-linux-x86_64-debian-gcc, r-devel-linux-x86_64-fedora-clang, r-devel-linux-x86_64-fedora-gcc, r-devel-windows-x86_64, r-devel-windows-x86_64-gcc10-UCRT, r-patched-linux-x86_64, r-patched-solaris-x86, r-release-linux-x86_64, r-release-macos-arm64, r-release-macos-x86_64, r-release-windows-ix86+x86_64