Last updated on 2022-07-01 17:54:13 CEST.
Flavor | Version | Tinstall | Tcheck | Ttotal | Status | Flags |
---|---|---|---|---|---|---|
r-devel-linux-x86_64-debian-clang | 0.1.6 | 377.10 | 63.49 | 440.59 | OK | |
r-devel-linux-x86_64-debian-gcc | 0.1.6 | 316.51 | 47.33 | 363.84 | OK | |
r-devel-linux-x86_64-fedora-clang | 0.1.6 | 670.51 | NOTE | |||
r-devel-linux-x86_64-fedora-gcc | 0.1.6 | 666.51 | OK | |||
r-devel-windows-x86_64 | 0.1.6 | 288.00 | 149.00 | 437.00 | OK | |
r-patched-linux-x86_64 | 0.1.6 | 348.93 | 61.16 | 410.09 | OK | |
r-release-linux-x86_64 | 0.1.6 | 303.08 | 61.18 | 364.26 | OK | |
r-release-macos-arm64 | 0.1.6 | 128.00 | NOTE | |||
r-release-macos-x86_64 | 0.1.6 | 220.00 | NOTE | |||
r-release-windows-x86_64 | 0.1.6 | 321.00 | 153.00 | 474.00 | OK | |
r-oldrel-macos-arm64 | 0.1.6 | 111.00 | NOTE | |||
r-oldrel-macos-x86_64 | 0.1.6 | 160.00 | NOTE | |||
r-oldrel-windows-ix86+x86_64 | 0.1.6 | 941.00 | 197.00 | 1138.00 | NOTE |
Version: 0.1.6
Check: installed package size
Result: NOTE
installed size is 12.6Mb
sub-directories of 1Mb or more:
help 1.0Mb
libs 11.5Mb
Flavors: r-devel-linux-x86_64-fedora-clang, r-release-macos-arm64, r-release-macos-x86_64, r-oldrel-macos-arm64, r-oldrel-macos-x86_64, r-oldrel-windows-ix86+x86_64