CRAN Package Check Results for Package msltrend

Last updated on 2021-12-03 11:51:55 CET.

Flavor Version Tinstall Tcheck Ttotal Status Flags
r-devel-linux-x86_64-debian-clang 1.0 11.29 80.70 91.99 NOTE
r-devel-linux-x86_64-debian-gcc 1.0 8.00 68.08 76.08 NOTE
r-devel-linux-x86_64-fedora-clang 1.0 122.20 NOTE
r-devel-linux-x86_64-fedora-gcc 1.0 106.20 NOTE
r-devel-windows-x86_64-new-UL 1.0 20.00 114.00 134.00 OK
r-devel-windows-x86_64-new-TK 1.0 OK
r-devel-windows-x86_64-old 1.0 17.00 73.00 90.00 OK
r-patched-linux-x86_64 1.0 7.01 74.42 81.43 NOTE
r-patched-solaris-x86 1.0 147.60 NOTE
r-release-linux-x86_64 1.0 10.10 75.17 85.27 NOTE
r-release-macos-arm64 1.0 OK
r-release-macos-x86_64 1.0 OK
r-release-windows-ix86+x86_64 1.0 23.00 98.00 121.00 OK
r-oldrel-macos-x86_64 1.0 OK
r-oldrel-windows-ix86+x86_64 1.0 24.00 99.00 123.00 OK

Check Details

Version: 1.0
Check: for non-standard things in the check directory
Result: NOTE
    Found the following files/directories:
     'Acceleration.pdf' 'File1.pdf' 'Forecast.pdf' 'Series.pdf'
     'Velocity.pdf'
Flavors: r-devel-linux-x86_64-debian-clang, r-devel-linux-x86_64-debian-gcc, r-devel-linux-x86_64-fedora-clang, r-devel-linux-x86_64-fedora-gcc, r-patched-linux-x86_64, r-patched-solaris-x86, r-release-linux-x86_64