CRAN Package Check Results for Package msigdbr

Last updated on 2022-08-15 21:54:41 CEST.

Flavor Version Tinstall Tcheck Ttotal Status Flags
r-devel-linux-x86_64-debian-clang 7.5.1 31.09 291.31 322.40 OK
r-devel-linux-x86_64-debian-gcc 7.5.1 28.08 223.93 252.01 OK
r-devel-linux-x86_64-fedora-clang 7.5.1 405.12 NOTE
r-devel-linux-x86_64-fedora-gcc 7.5.1 422.81 OK
r-devel-windows-x86_64 7.5.1 34.00 369.00 403.00 NOTE
r-patched-linux-x86_64 7.5.1 31.06 278.41 309.47 OK
r-release-linux-x86_64 7.5.1 31.31 289.15 320.46 OK
r-release-macos-arm64 7.5.1 164.00 NOTE
r-release-macos-x86_64 7.5.1 295.00 NOTE
r-release-windows-x86_64 7.5.1 36.00 362.00 398.00 NOTE
r-oldrel-macos-arm64 7.5.1 140.00 NOTE
r-oldrel-macos-x86_64 7.5.1 182.00 NOTE
r-oldrel-windows-ix86+x86_64 7.5.1 56.00 355.00 411.00 NOTE

Check Details

Version: 7.5.1
Check: installed package size
Result: NOTE
     installed size is 6.0Mb
     sub-directories of 1Mb or more:
     R 5.9Mb
Flavors: r-devel-linux-x86_64-fedora-clang, r-devel-windows-x86_64, r-release-macos-arm64, r-release-macos-x86_64, r-release-windows-x86_64, r-oldrel-macos-arm64, r-oldrel-macos-x86_64, r-oldrel-windows-ix86+x86_64