CRAN Package Check Results for Package msgr

Last updated on 2023-02-04 04:53:58 CET.

Flavor Version Tinstall Tcheck Ttotal Status Flags
r-devel-linux-x86_64-debian-clang 1.1.2 4.46 36.16 40.62 NOTE
r-devel-linux-x86_64-debian-gcc 1.1.2 3.11 28.23 31.34 NOTE
r-devel-linux-x86_64-fedora-clang 1.1.2 50.51 NOTE
r-devel-linux-x86_64-fedora-gcc 1.1.2 48.71 NOTE
r-devel-windows-x86_64 1.1.2 12.00 67.00 79.00 NOTE
r-patched-linux-x86_64 1.1.2 4.09 35.93 40.02 NOTE
r-release-linux-x86_64 1.1.2 3.93 35.18 39.11 NOTE
r-release-macos-arm64 1.1.2 18.00 NOTE
r-release-macos-x86_64 1.1.2 26.00 NOTE
r-release-windows-x86_64 1.1.2 17.00 70.00 87.00 NOTE
r-oldrel-macos-arm64 1.1.2 22.00 NOTE
r-oldrel-macos-x86_64 1.1.2 33.00 NOTE
r-oldrel-windows-ix86+x86_64 1.1.2 8.00 63.00 71.00 NOTE

Check Details

Version: 1.1.2
Check: LazyData
Result: NOTE
     'LazyData' is specified without a 'data' directory
Flavors: r-devel-linux-x86_64-debian-clang, r-devel-linux-x86_64-debian-gcc, r-devel-linux-x86_64-fedora-clang, r-devel-linux-x86_64-fedora-gcc, r-devel-windows-x86_64, r-patched-linux-x86_64, r-release-linux-x86_64, r-release-macos-arm64, r-release-macos-x86_64, r-release-windows-x86_64, r-oldrel-macos-arm64, r-oldrel-macos-x86_64, r-oldrel-windows-ix86+x86_64