CRAN Package Check Results for Package msSurv

Last updated on 2021-09-21 16:51:35 CEST.

Flavor Version Tinstall Tcheck Ttotal Status Flags
r-devel-linux-x86_64-debian-clang 1.2-2 9.07 160.63 169.70 NOTE
r-devel-linux-x86_64-debian-gcc 1.2-2 6.55 117.96 124.51 NOTE
r-devel-linux-x86_64-fedora-clang 1.2-2 203.89 NOTE
r-devel-linux-x86_64-fedora-gcc 1.2-2 194.33 NOTE
r-devel-windows-x86_64 1.2-2 16.00 150.00 166.00 NOTE
r-devel-windows-x86_64-gcc10-UCRT 1.2-2 ERROR
r-patched-linux-x86_64 1.2-2 7.45 153.79 161.24 NOTE
r-patched-solaris-x86 1.2-2 242.90 NOTE
r-release-linux-x86_64 1.2-2 7.99 150.66 158.65 NOTE
r-release-macos-arm64 1.2-2 NOTE
r-release-macos-x86_64 1.2-2 NOTE
r-release-windows-ix86+x86_64 1.2-2 18.00 149.00 167.00 NOTE
r-oldrel-macos-x86_64 1.2-2 NOTE
r-oldrel-windows-ix86+x86_64 1.2-2 18.00 152.00 170.00 NOTE

Check Details

Version: 1.2-2
Check: R code for possible problems
Result: NOTE
    BS.var: no visible binding for global variable 'var'
    BS.var: no visible global function definition for 'cov'
    Dist.CIs: no visible global function definition for 'qnorm'
    MSM.CIs: no visible global function definition for 'qnorm'
    plot,msSurv-missing: no visible global function definition for 'update'
    summary,msSurv: no visible global function definition for 'quantile'
    Undefined global functions or variables:
     cov qnorm quantile update var
    Consider adding
     importFrom("stats", "cov", "qnorm", "quantile", "update", "var")
    to your NAMESPACE file.
Flavors: r-devel-linux-x86_64-debian-clang, r-devel-linux-x86_64-debian-gcc, r-devel-linux-x86_64-fedora-clang, r-devel-linux-x86_64-fedora-gcc, r-devel-windows-x86_64, r-devel-windows-x86_64-gcc10-UCRT, r-patched-linux-x86_64, r-patched-solaris-x86, r-release-linux-x86_64, r-release-macos-arm64, r-release-macos-x86_64, r-release-windows-ix86+x86_64, r-oldrel-macos-x86_64, r-oldrel-windows-ix86+x86_64

Version: 1.2-2
Check: whether package can be installed
Result: WARN
    Found the following significant warnings:
     WARNING: installation-time patches will not be applied, could not get the patches index
Flavor: r-devel-windows-x86_64-gcc10-UCRT

Version: 1.2-2
Check: PDF version of manual
Result: WARN
    LaTeX errors when creating PDF version.
    This typically indicates Rd problems.
Flavor: r-devel-windows-x86_64-gcc10-UCRT

Version: 1.2-2
Check: PDF version of manual without hyperrefs or index
Result: ERROR
    Re-running with no redirection of stdout/stderr.
Flavor: r-devel-windows-x86_64-gcc10-UCRT