CRAN Package Check Results for Package mrgsolve

Last updated on 2021-07-30 07:50:20 CEST.

Flavor Version Tinstall Tcheck Ttotal Status Flags
r-devel-linux-x86_64-debian-clang 0.11.1 OK
r-devel-linux-x86_64-debian-gcc 0.11.1 101.96 98.89 200.85 OK
r-devel-linux-x86_64-fedora-clang 0.11.1 365.57 NOTE
r-devel-linux-x86_64-fedora-gcc 0.11.1 337.71 OK
r-devel-windows-x86_64 0.11.1 147.00 172.00 319.00 OK
r-devel-windows-x86_64-gcc10-UCRT 0.11.1 OK
r-patched-linux-x86_64 0.11.1 OK
r-patched-solaris-x86 0.11.1 353.70 OK
r-release-linux-x86_64 0.11.1 121.11 122.18 243.29 OK
r-release-macos-arm64 0.11.1 NOTE
r-release-macos-x86_64 0.11.1 NOTE
r-release-windows-ix86+x86_64 0.11.1 378.00 241.00 619.00 OK
r-oldrel-macos-x86_64 0.11.1 NOTE
r-oldrel-windows-ix86+x86_64 0.11.1 276.00 254.00 530.00 OK

Check Details

Version: 0.11.1
Check: installed package size
Result: NOTE
     installed size is 6.5Mb
     sub-directories of 1Mb or more:
     libs 4.7Mb
Flavors: r-devel-linux-x86_64-fedora-clang, r-release-macos-arm64, r-release-macos-x86_64, r-oldrel-macos-x86_64