CRAN Package Check Results for Package mrgsim.parallel

Last updated on 2021-09-21 16:51:35 CEST.

Flavor Version Tinstall Tcheck Ttotal Status Flags
r-devel-linux-x86_64-debian-clang 0.1.1 6.61 62.70 69.31 NOTE
r-devel-linux-x86_64-debian-gcc 0.1.1 5.23 48.99 54.22 NOTE
r-devel-linux-x86_64-fedora-clang 0.1.1 92.27 NOTE
r-devel-linux-x86_64-fedora-gcc 0.1.1 76.62 NOTE
r-devel-windows-x86_64 0.1.1 6.00 63.00 69.00 NOTE
r-devel-windows-x86_64-gcc10-UCRT 0.1.1 ERROR
r-patched-linux-x86_64 0.1.1 9.91 57.76 67.67 NOTE
r-patched-solaris-x86 0.1.1 121.80 NOTE
r-release-linux-x86_64 0.1.1 5.90 58.13 64.03 NOTE
r-release-macos-arm64 0.1.1 NOTE
r-release-macos-x86_64 0.1.1 NOTE
r-release-windows-ix86+x86_64 0.1.1 14.00 62.00 76.00 NOTE
r-oldrel-macos-x86_64 0.1.1 OK
r-oldrel-windows-ix86+x86_64 0.1.1 17.00 59.00 76.00 OK

Check Details

Version: 0.1.1
Check: LazyData
Result: NOTE
     'LazyData' is specified without a 'data' directory
Flavors: r-devel-linux-x86_64-debian-clang, r-devel-linux-x86_64-debian-gcc, r-devel-linux-x86_64-fedora-clang, r-devel-linux-x86_64-fedora-gcc, r-devel-windows-x86_64, r-devel-windows-x86_64-gcc10-UCRT, r-patched-linux-x86_64, r-patched-solaris-x86, r-release-linux-x86_64, r-release-macos-arm64, r-release-macos-x86_64, r-release-windows-ix86+x86_64

Version: 0.1.1
Check: whether package can be installed
Result: WARN
    Found the following significant warnings:
     WARNING: installation-time patches will not be applied, could not get the patches index
Flavor: r-devel-windows-x86_64-gcc10-UCRT

Version: 0.1.1
Check: tests
Result: ERROR
     Running 'testthat.R'
    Running the tests in 'tests/testthat.R' failed.
    Complete output:
     >
     > Sys.setenv("R_TESTS" = "")
     >
     > library(testthat)
     > library(mrgsim.parallel)
     Loading required package: mrgsolve
    
     Attaching package: 'mrgsolve'
    
     The following object is masked from 'package:stats':
    
     filter
    
     > test_check("mrgsim.parallel", reporter="summary")
     parallel:
     basic functionality:
     ---:: stderr ::---------------------------------------------
    
     ------------------------------------------------------------
     1
    
     ══ Failed ══════════════════════════════════════════════════════════════════════
     ── 1. Error (test-parallel.R:6:1): (code run outside of `test_that()`) ─────────
     Error: the model build step failed.
     Backtrace:
     1. base::suppressMessages(mrgsolve::modlib("pk1", end = 3)) test-parallel.R:6:0
     3. mrgsolve::modlib("pk1", end = 3)
     4. mrgsolve::mread_cache(model, project = modlib(), ...)
     5. mrgsolve::mread(...)
     6. mrgsolve:::build_failed(out, build, x, ignore.stdout)
    
     ══ DONE ════════════════════════════════════════════════════════════════════════
     Error: Test failures
     Execution halted
Flavor: r-devel-windows-x86_64-gcc10-UCRT

Version: 0.1.1
Check: PDF version of manual
Result: WARN
    LaTeX errors when creating PDF version.
    This typically indicates Rd problems.
Flavor: r-devel-windows-x86_64-gcc10-UCRT

Version: 0.1.1
Check: PDF version of manual without hyperrefs or index
Result: ERROR
    Re-running with no redirection of stdout/stderr.
Flavor: r-devel-windows-x86_64-gcc10-UCRT