CRAN Package Check Results for Package mrgsim.parallel

Last updated on 2024-02-21 15:50:52 CET.

Flavor Version Tinstall Tcheck Ttotal Status Flags
r-devel-linux-x86_64-debian-clang 0.2.1 NOTE
r-devel-linux-x86_64-debian-gcc 0.2.1 5.13 81.99 87.12 OK
r-devel-linux-x86_64-fedora-clang 0.2.1 153.23 NOTE
r-devel-linux-x86_64-fedora-gcc 0.2.1 154.43 OK
r-devel-windows-x86_64 0.2.1 8.00 112.00 120.00 OK
r-patched-linux-x86_64 0.2.1 13.22 105.67 118.89 OK
r-release-linux-x86_64 0.2.1 4.70 104.79 109.49 OK
r-release-macos-arm64 0.2.1 57.00 OK
r-release-macos-x86_64 0.2.1 76.00 OK
r-release-windows-x86_64 0.2.1 10.00 141.00 151.00 OK
r-oldrel-macos-arm64 0.2.1 48.00 OK
r-oldrel-windows-x86_64 0.2.1 10.00 140.00 150.00 OK

Check Details

Version: 0.2.1
Check: package dependencies
Result: NOTE Package suggested but not available for checking: ‘arrow’ Flavors: r-devel-linux-x86_64-debian-clang, r-devel-linux-x86_64-fedora-clang

Version: 0.2.1
Check: Rd cross-references
Result: NOTE Undeclared package ‘processx’ in Rd xrefs Flavor: r-devel-linux-x86_64-fedora-clang