CRAN Package Check Results for Package mrfDepth

Last updated on 2022-01-24 12:52:16 CET.

Flavor Version Tinstall Tcheck Ttotal Status Flags
r-devel-linux-x86_64-debian-clang 1.0.13 88.83 126.25 215.08 OK
r-devel-linux-x86_64-debian-gcc 1.0.13 65.89 94.61 160.50 OK
r-devel-linux-x86_64-fedora-clang 1.0.13 291.62 NOTE
r-devel-linux-x86_64-fedora-gcc 1.0.13 259.40 OK
r-devel-windows-x86_64-new-UL 1.0.13 136.00 174.00 310.00 OK
r-devel-windows-x86_64-new-TK 1.0.13 OK
r-patched-linux-x86_64 1.0.13 78.51 119.29 197.80 OK
r-release-linux-x86_64 1.0.13 76.34 118.85 195.19 OK
r-release-macos-arm64 1.0.13 NOTE
r-release-macos-x86_64 1.0.13 NOTE
r-release-windows-ix86+x86_64 1.0.13 207.00 238.00 445.00 NOTE
r-oldrel-macos-x86_64 1.0.13 NOTE
r-oldrel-windows-ix86+x86_64 1.0.13 207.00 233.00 440.00 NOTE

Check Details

Version: 1.0.13
Check: installed package size
Result: NOTE
     installed size is 16.2Mb
     sub-directories of 1Mb or more:
     data 1.6Mb
     libs 14.2Mb
Flavors: r-devel-linux-x86_64-fedora-clang, r-release-macos-arm64, r-release-macos-x86_64, r-release-windows-ix86+x86_64, r-oldrel-macos-x86_64, r-oldrel-windows-ix86+x86_64