Last updated on 2023-03-30 05:49:15 CEST.
Flavor | Version | Tinstall | Tcheck | Ttotal | Status | Flags |
---|---|---|---|---|---|---|
r-devel-linux-x86_64-debian-clang | 0.1.6 | 9.25 | 84.67 | 93.92 | OK | |
r-devel-linux-x86_64-debian-gcc | 0.1.6 | 7.05 | 62.95 | 70.00 | OK | |
r-devel-linux-x86_64-fedora-clang | 0.1.6 | 115.13 | OK | |||
r-devel-linux-x86_64-fedora-gcc | 0.1.6 | 119.33 | OK | |||
r-devel-windows-x86_64 | 0.1.6 | 27.00 | 0.00 | 27.00 | OK | |
r-patched-linux-x86_64 | 0.1.6 | 6.78 | 79.00 | 85.78 | OK | |
r-release-linux-x86_64 | 0.1.6 | 6.77 | 79.96 | 86.73 | OK | |
r-release-macos-arm64 | 0.1.6 | 37.00 | OK | |||
r-release-macos-x86_64 | 0.1.6 | 62.00 | OK | |||
r-release-windows-x86_64 | 0.1.6 | 27.00 | 121.00 | 148.00 | OK | |
r-oldrel-macos-arm64 | 0.1.6 | 28.00 | OK | |||
r-oldrel-macos-x86_64 | 0.1.6 | 47.00 | OK | |||
r-oldrel-windows-ix86+x86_64 | 0.1.6 | 22.00 | 112.00 | 134.00 | NOTE |
Version: 0.1.6
Check: R code for possible problems
Result: NOTE
Initiating curl with CURL_SSL_BACKEND: openssl
Flavor: r-oldrel-windows-ix86+x86_64