CRAN Package Check Results for Package mrMLM

Last updated on 2021-06-16 21:51:49 CEST.

Flavor Version Tinstall Tcheck Ttotal Status Flags
r-devel-linux-x86_64-debian-clang 4.0.2 43.35 148.92 192.27 OK
r-devel-linux-x86_64-debian-gcc 4.0.2 29.02 112.13 141.15 OK
r-devel-linux-x86_64-fedora-clang 4.0.2 241.17 OK
r-devel-linux-x86_64-fedora-gcc 4.0.2 218.63 OK
r-devel-windows-x86_64 4.0.2 60.00 153.00 213.00 OK
r-devel-windows-x86_64-gcc10-UCRT 4.0.2 OK
r-patched-linux-x86_64 4.0.2 34.36 140.09 174.45 OK
r-patched-solaris-x86 4.0.2 338.80 OK
r-release-linux-x86_64 4.0.2 33.48 140.81 174.29 OK
r-release-macos-arm64 4.0.2 OK
r-release-macos-x86_64 4.0.2 OK
r-release-windows-ix86+x86_64 4.0.2 68.00 279.00 347.00 NOTE
r-oldrel-macos-x86_64 4.0.2 OK
r-oldrel-windows-ix86+x86_64 4.0.2 69.00 282.00 351.00 NOTE

Check Details

Version: 4.0.2
Check: installed package size
Result: NOTE
     installed size is 5.0Mb
     sub-directories of 1Mb or more:
     extdata 2.2Mb
     libs 2.0Mb
Flavors: r-release-windows-ix86+x86_64, r-oldrel-windows-ix86+x86_64