CRAN Package Check Results for Package mpcv

Last updated on 2021-09-21 04:55:21 CEST.

Flavor Version Tinstall Tcheck Ttotal Status Flags
r-devel-linux-x86_64-debian-clang 1.1 1.96 25.83 27.79 NOTE
r-devel-linux-x86_64-debian-gcc 1.1 1.79 21.31 23.10 NOTE
r-devel-linux-x86_64-fedora-clang 1.1 43.39 NOTE
r-devel-linux-x86_64-fedora-gcc 1.1 32.19 NOTE
r-devel-windows-x86_64 1.1 4.00 31.00 35.00 NOTE
r-devel-windows-x86_64-gcc10-UCRT 1.1 ERROR
r-patched-linux-x86_64 1.1 2.35 25.72 28.07 NOTE
r-patched-solaris-x86 1.1 53.50 NOTE
r-release-linux-x86_64 1.1 2.24 25.54 27.78 NOTE
r-release-macos-arm64 1.1 NOTE
r-release-macos-x86_64 1.1 NOTE
r-release-windows-ix86+x86_64 1.1 5.00 33.00 38.00 NOTE
r-oldrel-macos-x86_64 1.1 NOTE
r-oldrel-windows-ix86+x86_64 1.1 4.00 37.00 41.00 NOTE

Check Details

Version: 1.1
Check: R code for possible problems
Result: NOTE
    mpcv: no visible binding for global variable 'median'
    mpcv: no visible global function definition for 'cov'
    mpcv: no visible global function definition for 'dist'
    plot.mpcv: no visible binding for global variable 'median'
    plot.mpcv: no visible global function definition for 'par'
    plot.mpcv: no visible global function definition for 'rect'
    plot.mpcv: no visible global function definition for 'lines'
    plot.mpcv: no visible global function definition for 'points'
    plot.mpcv: no visible global function definition for 'legend'
    Undefined global functions or variables:
     cov dist legend lines median par points rect
    Consider adding
     importFrom("graphics", "legend", "lines", "par", "points", "rect")
     importFrom("stats", "cov", "dist", "median")
    to your NAMESPACE file.
Flavors: r-devel-linux-x86_64-debian-clang, r-devel-linux-x86_64-debian-gcc, r-devel-linux-x86_64-fedora-clang, r-devel-linux-x86_64-fedora-gcc, r-devel-windows-x86_64, r-devel-windows-x86_64-gcc10-UCRT, r-patched-linux-x86_64, r-patched-solaris-x86, r-release-linux-x86_64, r-release-macos-arm64, r-release-macos-x86_64, r-release-windows-ix86+x86_64, r-oldrel-macos-x86_64, r-oldrel-windows-ix86+x86_64

Version: 1.1
Check: whether package can be installed
Result: WARN
    Found the following significant warnings:
     WARNING: installation-time patches will not be applied, could not get the patches index
Flavor: r-devel-windows-x86_64-gcc10-UCRT

Version: 1.1
Check: PDF version of manual
Result: WARN
    LaTeX errors when creating PDF version.
    This typically indicates Rd problems.
Flavor: r-devel-windows-x86_64-gcc10-UCRT

Version: 1.1
Check: PDF version of manual without hyperrefs or index
Result: ERROR
    Re-running with no redirection of stdout/stderr.
Flavor: r-devel-windows-x86_64-gcc10-UCRT