CRAN Package Check Results for Package mousetrap

Last updated on 2021-06-20 09:49:56 CEST.

Flavor Version Tinstall Tcheck Ttotal Status Flags
r-devel-linux-x86_64-debian-clang 3.2.0 115.70 105.28 220.98 OK
r-devel-linux-x86_64-debian-gcc 3.2.0 74.44 76.77 151.21 OK
r-devel-linux-x86_64-fedora-clang 3.2.0 317.67 NOTE
r-devel-linux-x86_64-fedora-gcc 3.2.0 283.52 OK
r-devel-windows-x86_64 3.2.0 145.00 141.00 286.00 OK
r-devel-windows-x86_64-gcc10-UCRT 3.2.0 OK
r-patched-linux-x86_64 3.2.0 88.84 99.90 188.74 OK
r-patched-solaris-x86 3.2.0 313.30 OK
r-release-linux-x86_64 3.2.0 75.69 98.43 174.12 OK
r-release-macos-arm64 3.2.0 NOTE
r-release-macos-x86_64 3.2.0 NOTE
r-release-windows-ix86+x86_64 3.2.0 262.00 200.00 462.00 NOTE
r-oldrel-macos-x86_64 3.2.0 NOTE
r-oldrel-windows-ix86+x86_64 3.2.0 193.00 208.00 401.00 NOTE

Check Details

Version: 3.2.0
Check: installed package size
Result: NOTE
     installed size is 5.6Mb
     sub-directories of 1Mb or more:
     data 2.0Mb
     libs 3.0Mb
Flavors: r-devel-linux-x86_64-fedora-clang, r-release-macos-arm64, r-release-macos-x86_64, r-release-windows-ix86+x86_64, r-oldrel-macos-x86_64, r-oldrel-windows-ix86+x86_64