CRAN Package Check Results for Package mousetrack

Last updated on 2021-06-17 21:52:49 CEST.

Flavor Version Tinstall Tcheck Ttotal Status Flags
r-devel-linux-x86_64-debian-clang 1.0.0 2.57 27.24 29.81 NOTE
r-devel-linux-x86_64-debian-gcc 1.0.0 2.14 21.47 23.61 NOTE
r-devel-linux-x86_64-fedora-clang 1.0.0 44.87 NOTE
r-devel-linux-x86_64-fedora-gcc 1.0.0 34.57 NOTE
r-devel-windows-x86_64 1.0.0 4.00 42.00 46.00 NOTE
r-devel-windows-x86_64-gcc10-UCRT 1.0.0 NOTE
r-patched-linux-x86_64 1.0.0 2.85 26.50 29.35 NOTE
r-patched-solaris-x86 1.0.0 54.10 NOTE
r-release-linux-x86_64 1.0.0 2.27 26.32 28.59 NOTE
r-release-macos-arm64 1.0.0 NOTE
r-release-macos-x86_64 1.0.0 NOTE
r-release-windows-ix86+x86_64 1.0.0 5.00 34.00 39.00 NOTE
r-oldrel-macos-x86_64 1.0.0 NOTE
r-oldrel-windows-ix86+x86_64 1.0.0 5.00 47.00 52.00 NOTE

Check Details

Version: 1.0.0
Check: R code for possible problems
Result: NOTE
    getmouseDV: no visible global function definition for 'tail'
    interpltraj: no visible global function definition for 'approx'
    trim1: no visible global function definition for 'tail'
    Undefined global functions or variables:
     approx tail
    Consider adding
     importFrom("stats", "approx")
     importFrom("utils", "tail")
    to your NAMESPACE file.
Flavors: r-devel-linux-x86_64-debian-clang, r-devel-linux-x86_64-debian-gcc, r-devel-linux-x86_64-fedora-clang, r-devel-linux-x86_64-fedora-gcc, r-devel-windows-x86_64, r-devel-windows-x86_64-gcc10-UCRT, r-patched-linux-x86_64, r-patched-solaris-x86, r-release-linux-x86_64, r-release-macos-arm64, r-release-macos-x86_64, r-release-windows-ix86+x86_64, r-oldrel-macos-x86_64, r-oldrel-windows-ix86+x86_64