CRAN Package Check Results for Package mombf

Last updated on 2022-01-25 00:49:54 CET.

Flavor Version Tinstall Tcheck Ttotal Status Flags
r-devel-linux-x86_64-debian-clang 3.0.7 165.40 268.95 434.35 OK
r-devel-linux-x86_64-debian-gcc 3.0.7 125.10 218.98 344.08 OK
r-devel-linux-x86_64-fedora-clang 3.0.7 600.51 NOTE
r-devel-linux-x86_64-fedora-gcc 3.0.7 605.87 OK
r-devel-windows-x86_64-new-UL 3.0.7 184.00 356.00 540.00 OK
r-devel-windows-x86_64-new-TK 3.0.7 OK
r-patched-linux-x86_64 3.0.7 151.24 297.09 448.33 OK
r-release-linux-x86_64 3.0.7 153.85 301.79 455.64 OK
r-release-macos-arm64 3.0.7 NOTE
r-release-macos-x86_64 3.0.7 NOTE
r-release-windows-ix86+x86_64 3.0.7 412.00 497.00 909.00 OK
r-oldrel-macos-x86_64 3.0.7 NOTE
r-oldrel-windows-ix86+x86_64 3.0.7 413.00 501.00 914.00 OK

Check Details

Version: 3.0.7
Check: installed package size
Result: NOTE
     installed size is 5.8Mb
     sub-directories of 1Mb or more:
     libs 4.5Mb
Flavors: r-devel-linux-x86_64-fedora-clang, r-release-macos-arm64, r-release-macos-x86_64, r-oldrel-macos-x86_64