CRAN Package Check Results for Package mojson

Last updated on 2021-07-25 07:50:08 CEST.

Flavor Version Tinstall Tcheck Ttotal Status Flags
r-devel-linux-x86_64-debian-clang 0.1 4.72 47.74 52.46 NOTE
r-devel-linux-x86_64-debian-gcc 0.1 3.63 36.33 39.96 NOTE
r-devel-linux-x86_64-fedora-clang 0.1 72.09 NOTE
r-devel-linux-x86_64-fedora-gcc 0.1 68.84 NOTE
r-devel-windows-x86_64 0.1 7.00 52.00 59.00 NOTE
r-devel-windows-x86_64-gcc10-UCRT 0.1 NOTE
r-patched-linux-x86_64 0.1 4.63 43.77 48.40 NOTE
r-patched-solaris-x86 0.1 90.70 NOTE
r-release-linux-x86_64 0.1 3.87 44.46 48.33 NOTE
r-release-macos-arm64 0.1 NOTE
r-release-macos-x86_64 0.1 NOTE
r-release-windows-ix86+x86_64 0.1 13.00 45.00 58.00 NOTE
r-oldrel-macos-x86_64 0.1 OK
r-oldrel-windows-ix86+x86_64 0.1 13.00 66.00 79.00 OK

Check Details

Version: 0.1
Check: LazyData
Result: NOTE
     'LazyData' is specified without a 'data' directory
Flavors: r-devel-linux-x86_64-debian-clang, r-devel-linux-x86_64-debian-gcc, r-devel-linux-x86_64-fedora-clang, r-devel-linux-x86_64-fedora-gcc, r-devel-windows-x86_64, r-devel-windows-x86_64-gcc10-UCRT, r-patched-linux-x86_64, r-patched-solaris-x86, r-release-linux-x86_64, r-release-macos-arm64, r-release-macos-x86_64, r-release-windows-ix86+x86_64