CRAN Package Check Results for Package model4you

Last updated on 2021-09-19 16:49:09 CEST.

Flavor Version Tinstall Tcheck Ttotal Status Flags
r-devel-linux-x86_64-debian-clang 0.9-7 11.54 216.16 227.70 OK
r-devel-linux-x86_64-debian-gcc 0.9-7 8.92 154.63 163.55 OK
r-devel-linux-x86_64-fedora-clang 0.9-7 256.03 OK
r-devel-linux-x86_64-fedora-gcc 0.9-7 258.25 OK
r-devel-windows-x86_64 0.9-7 15.00 249.00 264.00 OK
r-devel-windows-x86_64-gcc10-UCRT 0.9-7 ERROR
r-patched-linux-x86_64 0.9-7 11.29 200.17 211.46 OK
r-patched-solaris-x86 0.9-7 337.50 OK
r-release-linux-x86_64 0.9-7 10.23 200.23 210.46 OK
r-release-macos-arm64 0.9-7 OK
r-release-macos-x86_64 0.9-7 OK
r-release-windows-ix86+x86_64 0.9-7 24.00 195.00 219.00 OK
r-oldrel-macos-x86_64 0.9-7 OK
r-oldrel-windows-ix86+x86_64 0.9-7 25.00 178.00 203.00 OK

Check Details

Version: 0.9-7
Check: whether package can be installed
Result: WARN
    Found the following significant warnings:
     WARNING: installation-time patches will not be applied, could not get the patches index
Flavor: r-devel-windows-x86_64-gcc10-UCRT

Version: 0.9-7
Check: PDF version of manual
Result: WARN
    LaTeX errors when creating PDF version.
    This typically indicates Rd problems.
Flavor: r-devel-windows-x86_64-gcc10-UCRT

Version: 0.9-7
Check: PDF version of manual without hyperrefs or index
Result: ERROR
    Re-running with no redirection of stdout/stderr.
Flavor: r-devel-windows-x86_64-gcc10-UCRT