CRAN Package Check Results for Package modeest

Last updated on 2021-12-03 11:51:55 CET.

Flavor Version Tinstall Tcheck Ttotal Status Flags
r-devel-linux-x86_64-debian-clang 2.4.0 7.43 52.57 60.00 NOTE
r-devel-linux-x86_64-debian-gcc 2.4.0 4.97 40.89 45.86 NOTE
r-devel-linux-x86_64-fedora-clang 2.4.0 82.75 NOTE
r-devel-linux-x86_64-fedora-gcc 2.4.0 71.01 NOTE
r-devel-windows-x86_64-new-UL 2.4.0 13.00 95.00 108.00 NOTE
r-devel-windows-x86_64-new-TK 2.4.0 NOTE
r-devel-windows-x86_64-old 2.4.0 11.00 56.00 67.00 NOTE
r-patched-linux-x86_64 2.4.0 6.70 51.15 57.85 NOTE
r-patched-solaris-x86 2.4.0 101.10 NOTE
r-release-linux-x86_64 2.4.0 6.58 51.31 57.89 NOTE
r-release-macos-arm64 2.4.0 NOTE
r-release-macos-x86_64 2.4.0 NOTE
r-release-windows-ix86+x86_64 2.4.0 15.00 81.00 96.00 NOTE
r-oldrel-macos-x86_64 2.4.0 OK
r-oldrel-windows-ix86+x86_64 2.4.0 14.00 75.00 89.00 OK

Check Details

Version: 2.4.0
Check: LazyData
Result: NOTE
     'LazyData' is specified without a 'data' directory
Flavors: r-devel-linux-x86_64-debian-clang, r-devel-linux-x86_64-debian-gcc, r-devel-linux-x86_64-fedora-clang, r-devel-linux-x86_64-fedora-gcc, r-devel-windows-x86_64-new-UL, r-devel-windows-x86_64-new-TK, r-devel-windows-x86_64-old, r-patched-linux-x86_64, r-patched-solaris-x86, r-release-linux-x86_64, r-release-macos-arm64, r-release-macos-x86_64, r-release-windows-ix86+x86_64