CRAN Package Check Results for Package modQR

Last updated on 2021-09-21 16:51:34 CEST.

Flavor Version Tinstall Tcheck Ttotal Status Flags
r-devel-linux-x86_64-debian-clang 0.1.2 7.38 46.33 53.71 OK
r-devel-linux-x86_64-debian-gcc 0.1.2 5.84 36.78 42.62 OK
r-devel-linux-x86_64-fedora-clang 0.1.2 73.65 OK
r-devel-linux-x86_64-fedora-gcc 0.1.2 62.11 OK
r-devel-windows-x86_64 0.1.2 8.00 52.00 60.00 OK
r-devel-windows-x86_64-gcc10-UCRT 0.1.2 ERROR
r-patched-linux-x86_64 0.1.2 5.72 45.56 51.28 OK
r-patched-solaris-x86 0.1.2 91.00 OK
r-release-linux-x86_64 0.1.2 8.04 46.23 54.27 OK
r-release-macos-arm64 0.1.2 OK
r-release-macos-x86_64 0.1.2 OK
r-release-windows-ix86+x86_64 0.1.2 14.00 46.00 60.00 OK
r-oldrel-macos-x86_64 0.1.2 OK
r-oldrel-windows-ix86+x86_64 0.1.2 13.00 46.00 59.00 OK

Check Details

Version: 0.1.2
Check: whether package can be installed
Result: WARN
    Found the following significant warnings:
     WARNING: installation-time patches will not be applied, could not get the patches index
Flavor: r-devel-windows-x86_64-gcc10-UCRT

Version: 0.1.2
Check: PDF version of manual
Result: WARN
    LaTeX errors when creating PDF version.
    This typically indicates Rd problems.
Flavor: r-devel-windows-x86_64-gcc10-UCRT

Version: 0.1.2
Check: PDF version of manual without hyperrefs or index
Result: ERROR
    Re-running with no redirection of stdout/stderr.
Flavor: r-devel-windows-x86_64-gcc10-UCRT