CRAN Package Check Results for Package mod

Last updated on 2024-02-21 15:50:52 CET.

Flavor Version Tinstall Tcheck Ttotal Status Flags
r-devel-linux-x86_64-debian-clang 0.1.3 NOTE
r-devel-linux-x86_64-debian-gcc 0.1.3 1.77 19.69 21.46 NOTE
r-devel-linux-x86_64-fedora-clang 0.1.3 34.06 NOTE
r-devel-linux-x86_64-fedora-gcc 0.1.3 32.53 NOTE
r-devel-windows-x86_64 0.1.3 4.00 44.00 48.00 NOTE
r-patched-linux-x86_64 0.1.3 2.58 24.82 27.40 NOTE
r-release-linux-x86_64 0.1.3 1.72 24.04 25.76 NOTE
r-release-macos-arm64 0.1.3 18.00 NOTE
r-release-macos-x86_64 0.1.3 22.00 NOTE
r-release-windows-x86_64 0.1.3 5.00 43.00 48.00 NOTE
r-oldrel-macos-arm64 0.1.3 17.00 NOTE
r-oldrel-windows-x86_64 0.1.3 5.00 46.00 51.00 NOTE

Check Details

Version: 0.1.3
Check: LazyData
Result: NOTE 'LazyData' is specified without a 'data' directory Flavors: r-devel-linux-x86_64-debian-clang, r-devel-linux-x86_64-debian-gcc, r-devel-linux-x86_64-fedora-clang, r-devel-linux-x86_64-fedora-gcc, r-devel-windows-x86_64, r-patched-linux-x86_64, r-release-linux-x86_64, r-release-macos-arm64, r-release-macos-x86_64, r-release-windows-x86_64, r-oldrel-macos-arm64, r-oldrel-windows-x86_64