CRAN Package Check Results for Package mod

Last updated on 2023-02-05 04:51:13 CET.

Flavor Version Tinstall Tcheck Ttotal Status Flags
r-devel-linux-x86_64-debian-clang 0.1.3 2.43 24.72 27.15 NOTE
r-devel-linux-x86_64-debian-gcc 0.1.3 1.80 19.49 21.29 NOTE
r-devel-linux-x86_64-fedora-clang 0.1.3 35.43 NOTE
r-devel-linux-x86_64-fedora-gcc 0.1.3 33.60 NOTE
r-devel-windows-x86_64 0.1.3 11.00 61.00 72.00 NOTE
r-patched-linux-x86_64 0.1.3 2.31 25.22 27.53 NOTE
r-release-linux-x86_64 0.1.3 2.04 24.35 26.39 NOTE
r-release-macos-arm64 0.1.3 15.00 NOTE
r-release-macos-x86_64 0.1.3 21.00 NOTE
r-release-windows-x86_64 0.1.3 10.00 59.00 69.00 NOTE
r-oldrel-macos-arm64 0.1.3 18.00 NOTE
r-oldrel-macos-x86_64 0.1.3 27.00 NOTE
r-oldrel-windows-ix86+x86_64 0.1.3 6.00 52.00 58.00 NOTE

Check Details

Version: 0.1.3
Check: LazyData
Result: NOTE
     'LazyData' is specified without a 'data' directory
Flavors: r-devel-linux-x86_64-debian-clang, r-devel-linux-x86_64-debian-gcc, r-devel-linux-x86_64-fedora-clang, r-devel-linux-x86_64-fedora-gcc, r-devel-windows-x86_64, r-patched-linux-x86_64, r-release-linux-x86_64, r-release-macos-arm64, r-release-macos-x86_64, r-release-windows-x86_64, r-oldrel-macos-arm64, r-oldrel-macos-x86_64, r-oldrel-windows-ix86+x86_64