CRAN Package Check Results for Package mnt

Last updated on 2021-06-16 21:51:48 CEST.

Flavor Version Tinstall Tcheck Ttotal Status Flags
r-devel-linux-x86_64-debian-clang 1.3 4.10 62.05 66.15 OK
r-devel-linux-x86_64-debian-gcc 1.3 3.79 43.19 46.98 OK
r-devel-linux-x86_64-fedora-clang 1.3 85.04 NOTE
r-devel-linux-x86_64-fedora-gcc 1.3 74.82 OK
r-devel-windows-x86_64 1.3 8.00 83.00 91.00 OK
r-devel-windows-x86_64-gcc10-UCRT 1.3 OK
r-patched-linux-x86_64 1.3 5.25 57.02 62.27 OK
r-patched-solaris-x86 1.3 99.90 OK
r-release-linux-x86_64 1.3 4.26 57.61 61.87 OK
r-release-macos-arm64 1.3 OK
r-release-macos-x86_64 1.3 OK
r-release-windows-ix86+x86_64 1.3 9.00 60.00 69.00 OK
r-oldrel-macos-x86_64 1.3 OK
r-oldrel-windows-ix86+x86_64 1.3 7.00 80.00 87.00 OK

Check Details

Version: 1.3
Check: Rd cross-references
Result: NOTE
    Undeclared package ‘energy’ in Rd xrefs
Flavor: r-devel-linux-x86_64-fedora-clang