CRAN Package Check Results for Package mnlfa

Last updated on 2021-12-09 11:51:36 CET.

Flavor Version Tinstall Tcheck Ttotal Status Flags
r-devel-linux-x86_64-debian-clang 0.1-53 25.18 42.90 68.08 OK
r-devel-linux-x86_64-debian-gcc 0.1-53 16.99 33.40 50.39 OK
r-devel-linux-x86_64-fedora-clang 0.1-53 91.58 OK
r-devel-linux-x86_64-fedora-gcc 0.1-53 82.03 OK
r-devel-windows-x86_64-new-UL 0.1-53 39.00 115.00 154.00 OK
r-devel-windows-x86_64-new-TK 0.1-53 OK
r-devel-windows-x86_64-old 0.1-53 36.00 50.00 86.00 OK
r-patched-linux-x86_64 0.1-53 22.48 41.74 64.22 OK
r-release-linux-x86_64 0.1-53 21.62 41.83 63.45 OK
r-release-macos-arm64 0.1-53 OK
r-release-macos-x86_64 0.1-53 NOTE
r-release-windows-ix86+x86_64 0.1-53 45.00 85.00 130.00 OK
r-oldrel-macos-x86_64 0.1-53 OK
r-oldrel-windows-ix86+x86_64 0.1-53 65.00 80.00 145.00 OK

Check Details

Version: 0.1-53
Check: package dependencies
Result: NOTE
    Package which this enhances but not available for checking: ‘aMNLFA’
Flavor: r-release-macos-x86_64