Last updated on 2023-03-30 05:49:15 CEST.
Flavor | Version | Tinstall | Tcheck | Ttotal | Status | Flags |
---|---|---|---|---|---|---|
r-devel-linux-x86_64-debian-clang | 2.0.3 | 61.68 | 33.02 | 94.70 | NOTE | |
r-devel-linux-x86_64-debian-gcc | 2.0.3 | 48.35 | 27.46 | 75.81 | NOTE | |
r-devel-linux-x86_64-fedora-clang | 2.0.3 | 127.92 | NOTE | |||
r-devel-linux-x86_64-fedora-gcc | 2.0.3 | 123.71 | NOTE | |||
r-devel-windows-x86_64 | 2.0.3 | 60.00 | 0.00 | 60.00 | NOTE | |
r-patched-linux-x86_64 | 2.0.3 | 54.74 | 34.81 | 89.55 | NOTE | |
r-release-linux-x86_64 | 2.0.3 | 48.09 | 35.52 | 83.61 | OK | |
r-release-macos-arm64 | 2.0.3 | 45.00 | NOTE | |||
r-release-macos-x86_64 | 2.0.3 | 48.00 | NOTE | |||
r-release-windows-x86_64 | 2.0.3 | 51.00 | 85.00 | 136.00 | OK | |
r-oldrel-macos-arm64 | 2.0.3 | 52.00 | NOTE | |||
r-oldrel-macos-x86_64 | 2.0.3 | 51.00 | NOTE | |||
r-oldrel-windows-ix86+x86_64 | 2.0.3 | 131.00 | 93.00 | 224.00 | OK |
Version: 2.0.3
Check: C++ specification
Result: NOTE
Specified C++14: please drop specification unless essential
Flavors: r-devel-linux-x86_64-debian-clang, r-devel-linux-x86_64-debian-gcc, r-devel-linux-x86_64-fedora-clang, r-devel-linux-x86_64-fedora-gcc, r-devel-windows-x86_64, r-patched-linux-x86_64
Version: 2.0.3
Check: installed package size
Result: NOTE
installed size is 20.7Mb
sub-directories of 1Mb or more:
libs 20.5Mb
Flavors: r-release-macos-arm64, r-release-macos-x86_64, r-oldrel-macos-arm64, r-oldrel-macos-x86_64