Last updated on 2023-02-04 04:53:58 CET.
Flavor | Version | Tinstall | Tcheck | Ttotal | Status | Flags |
---|---|---|---|---|---|---|
r-devel-linux-x86_64-debian-clang | 1.6.2 | 66.23 | 37.53 | 103.76 | WARN | |
r-devel-linux-x86_64-debian-gcc | 1.6.2 | 51.23 | 28.68 | 79.91 | WARN | |
r-devel-linux-x86_64-fedora-clang | 1.6.2 | 161.85 | WARN | |||
r-devel-linux-x86_64-fedora-gcc | 1.6.2 | 141.29 | WARN | |||
r-devel-windows-x86_64 | 1.6.2 | 78.00 | 95.00 | 173.00 | WARN | |
r-patched-linux-x86_64 | 1.6.2 | 51.03 | 35.35 | 86.38 | OK | |
r-release-linux-x86_64 | 1.6.2 | 51.73 | 36.08 | 87.81 | OK | |
r-release-macos-arm64 | 1.6.2 | 41.00 | OK | |||
r-release-macos-x86_64 | 1.6.2 | 54.00 | OK | |||
r-release-windows-x86_64 | 1.6.2 | 77.00 | 95.00 | 172.00 | OK | |
r-oldrel-macos-arm64 | 1.6.2 | 42.00 | OK | |||
r-oldrel-macos-x86_64 | 1.6.2 | 53.00 | OK | |||
r-oldrel-windows-ix86+x86_64 | 1.6.2 | 147.00 | 97.00 | 244.00 | OK |
Version: 1.6.2
Check: whether package can be installed
Result: WARN
Found the following significant warnings:
./Array.h:24:38: warning: 'iterator<std::forward_iterator_tag, const double>' is deprecated [-Wdeprecated-declarations]
./Array.h:24:38: warning: 'iterator<std::forward_iterator_tag, double>' is deprecated [-Wdeprecated-declarations]
See ‘/home/hornik/tmp/R.check/r-devel-clang/Work/PKGS/mmand.Rcheck/00install.out’ for details.
* used C++ compiler: ‘Debian clang version 15.0.6’
Flavor: r-devel-linux-x86_64-debian-clang
Version: 1.6.2
Check: whether package can be installed
Result: WARN
Found the following significant warnings:
Array.h:24:38: warning: ‘template<class _Category, class _Tp, class _Distance, class _Pointer, class _Reference> struct std::iterator’ is deprecated [-Wdeprecated-declarations]
./lemon/maps.h:1973:21: warning: ‘template<class _Category, class _Tp, class _Distance, class _Pointer, class _Reference> struct std::iterator’ is deprecated [-Wdeprecated-declarations]
./lemon/maps.h:3135:21: warning: ‘template<class _Category, class _Tp, class _Distance, class _Pointer, class _Reference> struct std::iterator’ is deprecated [-Wdeprecated-declarations]
See ‘/home/hornik/tmp/R.check/r-devel-gcc/Work/PKGS/mmand.Rcheck/00install.out’ for details.
* used C++ compiler: ‘g++-12 (Debian 12.2.0-14) 12.2.0’
Flavor: r-devel-linux-x86_64-debian-gcc
Version: 1.6.2
Check: whether package can be installed
Result: WARN
Found the following significant warnings:
./Array.h:24:38: warning: 'iterator<std::forward_iterator_tag, const double>' is deprecated [-Wdeprecated-declarations]
./Array.h:24:38: warning: 'iterator<std::forward_iterator_tag, double>' is deprecated [-Wdeprecated-declarations]
See ‘/data/gannet/ripley/R/packages/tests-clang/mmand.Rcheck/00install.out’ for details.
* used C++ compiler: ‘clang version 15.0.7’
Flavor: r-devel-linux-x86_64-fedora-clang
Version: 1.6.2
Check: whether package can be installed
Result: WARN
Found the following significant warnings:
Array.h:24:38: warning: ‘template<class _Category, class _Tp, class _Distance, class _Pointer, class _Reference> struct std::iterator’ is deprecated [-Wdeprecated-declarations]
./lemon/maps.h:1973:21: warning: ‘template<class _Category, class _Tp, class _Distance, class _Pointer, class _Reference> struct std::iterator’ is deprecated [-Wdeprecated-declarations]
./lemon/maps.h:3135:21: warning: ‘template<class _Category, class _Tp, class _Distance, class _Pointer, class _Reference> struct std::iterator’ is deprecated [-Wdeprecated-declarations]
See ‘/data/gannet/ripley/R/packages/tests-devel/mmand.Rcheck/00install.out’ for details.
* used C++ compiler: ‘g++ (GCC) 12.2.1 20221121 (Red Hat 12.2.1-4)’
Flavor: r-devel-linux-x86_64-fedora-gcc
Version: 1.6.2
Check: whether package can be installed
Result: WARN
Found the following significant warnings:
Array.h:24:38: warning: 'template<class _Category, class _Tp, class _Distance, class _Pointer, class _Reference> struct std::iterator' is deprecated [-Wdeprecated-declarations]
./lemon/maps.h:1973:21: warning: 'template<class _Category, class _Tp, class _Distance, class _Pointer, class _Reference> struct std::iterator' is deprecated [-Wdeprecated-declarations]
./lemon/maps.h:3135:21: warning: 'template<class _Category, class _Tp, class _Distance, class _Pointer, class _Reference> struct std::iterator' is deprecated [-Wdeprecated-declarations]
See 'd:/Rcompile/CRANpkg/local/4.3/mmand.Rcheck/00install.out' for details.
* used C++ compiler: 'g++.exe (GCC) 12.2.0'
Flavor: r-devel-windows-x86_64