CRAN Package Check Results for Package mlr3tuningspaces

Last updated on 2021-10-22 16:50:42 CEST.

Flavor Version Tinstall Tcheck Ttotal Status Flags
r-devel-linux-x86_64-debian-clang 0.0.1 10.77 68.55 79.32 OK
r-devel-linux-x86_64-debian-gcc 0.0.1 9.38 52.34 61.72 OK
r-devel-linux-x86_64-fedora-clang 0.0.1 107.35 OK
r-devel-linux-x86_64-fedora-gcc 0.0.1 94.65 OK
r-devel-windows-x86_64 0.0.1 17.00 92.00 109.00 OK
r-devel-windows-x86_64-gcc10-UCRT 0.0.1 NOTE
r-patched-linux-x86_64 0.0.1 13.15 65.07 78.22 OK
r-patched-solaris-x86 0.0.1 130.30 OK
r-release-linux-x86_64 0.0.1 10.34 66.47 76.81 OK
r-release-macos-arm64 0.0.1 OK
r-release-macos-x86_64 0.0.1 OK
r-release-windows-ix86+x86_64 0.0.1 13.00 100.00 113.00 OK
r-oldrel-macos-x86_64 0.0.1 OK
r-oldrel-windows-ix86+x86_64 0.0.1 21.00 101.00 122.00 OK

Check Details

Version: 0.0.1
Check: package dependencies
Result: NOTE
    Package suggested but not available for checking: 'kknn'
Flavor: r-devel-windows-x86_64-gcc10-UCRT