CRAN Package Check Results for Package mlflow

Last updated on 2021-10-26 05:13:33 CEST.

Flavor Version Tinstall Tcheck Ttotal Status Flags
r-devel-linux-x86_64-debian-clang 1.20.2 11.44 81.46 92.90 OK
r-devel-linux-x86_64-debian-gcc 1.20.2 7.80 63.37 71.17 OK
r-devel-linux-x86_64-fedora-clang 1.20.2 121.73 NOTE
r-devel-linux-x86_64-fedora-gcc 1.20.2 108.97 NOTE
r-devel-windows-x86_64 1.20.2 17.00 105.00 122.00 OK
r-devel-windows-x86_64-gcc10-UCRT 1.20.2 NOTE
r-patched-linux-x86_64 1.20.2 10.98 78.87 89.85 OK
r-patched-solaris-x86 1.20.2 162.30 NOTE
r-release-linux-x86_64 1.20.2 10.12 80.92 91.04 OK
r-release-macos-arm64 1.20.2 NOTE
r-release-macos-x86_64 1.20.2 NOTE
r-release-windows-ix86+x86_64 1.20.2 16.00 106.00 122.00 OK
r-oldrel-macos-x86_64 1.20.2 NOTE
r-oldrel-windows-ix86+x86_64 1.20.2 24.00 108.00 132.00 OK

Check Details

Version: 1.20.2
Check: dependencies in R code
Result: NOTE
    Namespace in Imports field not imported from: ‘xml2’
     All declared Imports should be used.
Flavors: r-devel-linux-x86_64-fedora-clang, r-devel-linux-x86_64-fedora-gcc, r-devel-windows-x86_64-gcc10-UCRT, r-patched-solaris-x86, r-release-macos-arm64, r-release-macos-x86_64, r-oldrel-macos-x86_64