CRAN Package Check Results for Package mize

Last updated on 2022-01-27 12:53:55 CET.

Flavor Version Tinstall Tcheck Ttotal Status Flags
r-devel-linux-x86_64-debian-clang 0.2.4 6.38 76.60 82.98 NOTE
r-devel-linux-x86_64-debian-gcc 0.2.4 5.75 58.16 63.91 NOTE
r-devel-linux-x86_64-fedora-clang 0.2.4 101.97 NOTE
r-devel-linux-x86_64-fedora-gcc 0.2.4 90.53 NOTE
r-devel-windows-x86_64-new-UL 0.2.4 61.00 105.00 166.00 NOTE
r-devel-windows-x86_64-new-TK 0.2.4 NOTE
r-patched-linux-x86_64 0.2.4 7.70 77.01 84.71 NOTE
r-release-linux-x86_64 0.2.4 5.73 76.92 82.65 NOTE
r-release-macos-arm64 0.2.4 NOTE
r-release-macos-x86_64 0.2.4 NOTE
r-release-windows-ix86+x86_64 0.2.4 13.00 90.00 103.00 NOTE
r-oldrel-macos-x86_64 0.2.4 OK
r-oldrel-windows-ix86+x86_64 0.2.4 12.00 91.00 103.00 OK

Check Details

Version: 0.2.4
Check: LazyData
Result: NOTE
     'LazyData' is specified without a 'data' directory
Flavors: r-devel-linux-x86_64-debian-clang, r-devel-linux-x86_64-debian-gcc, r-devel-linux-x86_64-fedora-clang, r-devel-linux-x86_64-fedora-gcc, r-devel-windows-x86_64-new-UL, r-devel-windows-x86_64-new-TK, r-patched-linux-x86_64, r-release-linux-x86_64, r-release-macos-arm64, r-release-macos-x86_64, r-release-windows-ix86+x86_64